000
CDUS44 KOHX 051204
CLIBNA

CLIMATE REPORT
NATIONAL WEATHER SERVICE NASHVILLE TN
704 AM CDT TUE MAY 5 2015


...................................

...THE NASHVILLE CLIMATE SUMMARY FOR MAY 4 2015...

CLIMATE NORMAL PERIOD 1981 TO 2010
CLIMATE RECORD PERIOD 1871 TO 2015


WEATHER ITEM   OBSERVED TIME   RECORD YEAR NORMAL DEPARTURE
                VALUE   (LST)  VALUE       VALUE  FROM
                                                  NORMAL
...............................................................
TEMPERATURE (F)
 YESTERDAY
  MAXIMUM         85    105 PM  90    1902  75     10
  MINIMUM         53    511 AM  34    1976  53      0
  AVERAGE         69                        64      5

PRECIPITATION (IN)
  YESTERDAY        0.00          3.28 1944   0.19  -0.19
  MONTH TO DATE    0.00                      0.74  -0.74
  SINCE MAR 1     10.62                      8.85   1.77
  SINCE JAN 1     17.44                     16.54   0.90

SNOWFALL (IN)
  YESTERDAY        0.0                       0.0    0.0
  MONTH TO DATE    0.0                       0.0    0.0
  SINCE MAR 1      2.9                       0.9    2.0
  SINCE JUL 1      6.1                       6.3   -0.2
  SNOW DEPTH       0

DEGREE DAYS
 HEATING
  YESTERDAY        0                               -3
  MONTH TO DATE    9                               -4
  SINCE MAR 1    573                             -130
  SINCE JUL 1   3763                              122

 COOLING
  YESTERDAY        4                                2
  MONTH TO DATE    5                               -3
  SINCE MAR 1     47                               -6
  SINCE JAN 1     47                               -6
...............................................................


WIND (MPH)
  HIGHEST WIND SPEED    15   HIGHEST WIND DIRECTION     S (180)
  HIGHEST GUST SPEED    18   HIGHEST GUST DIRECTION     W (260)
  AVERAGE WIND SPEED     5.3




RELATIVE HUMIDITY (PERCENT)
 HIGHEST    83
 LOWEST     32
 AVERAGE    58

..........................................................

LOW TEMPERATURE SINCE MIDNIGHT.................56
PRECIPITATION SINCE MIDNIGHT.................0.00

THE NASHVILLE CLIMATE NORMALS FOR TODAY
                         NORMAL    RECORD    YEAR
 MAXIMUM TEMPERATURE (F)   76        93      1952
 MINIMUM TEMPERATURE (F)   54        37      1957
                                             1907


SUNRISE AND SUNSET
MAY  5 2015...........SUNRISE   550 AM CDT   SUNSET   737 PM CDT
MAY  6 2015...........SUNRISE   549 AM CDT   SUNSET   738 PM CDT


-  INDICATES NEGATIVE NUMBERS.
R  INDICATES RECORD WAS SET OR TIED.
MM INDICATES DATA IS MISSING.
T  INDICATES TRACE AMOUNT.




$$
