000
CDUS44 KLIX 260703
CLIBTR


CLIMATE REPORT
NATIONAL WEATHER SERVICE NEW ORLEANS
203 AM CDT SUN APR 26 2015


...................................

...THE BATON ROUGE  ASOS CLIMATE SUMMARY FOR APRIL 25 2015...

CLIMATE NORMAL PERIOD 1981 TO 2010
CLIMATE RECORD PERIOD 1894 TO 2015


WEATHER ITEM   OBSERVED TIME   RECORD YEAR NORMAL DEPARTURE LAST
                VALUE   (LST)  VALUE       VALUE  FROM      YEAR
                                                  NORMAL
..................................................................
TEMPERATURE (F)
 YESTERDAY
  MAXIMUM         80    904 AM  89    2011  81     -1       87
                                      1967
                                      1925
  MINIMUM         67   1155 PM  42    1910  59      8       64
  AVERAGE         74                        70      4       76

PRECIPITATION (IN)
  YESTERDAY        0.53          2.24 1926   0.14   0.39     0.00
  MONTH TO DATE    6.06                      3.77   2.29     3.51
  SINCE MAR 1      9.44                      8.18   1.26     6.73
  SINCE JAN 1     19.19                     18.94   0.25    16.00

SNOWFALL (IN)
  YESTERDAY        0.0
  MONTH TO DATE    0.0
  SINCE MAR 1      T
  SINCE JUL 1      T
  SNOW DEPTH       0

DEGREE DAYS
 HEATING
  YESTERDAY        0                         1     -1        0
  MONTH TO DATE    4                        49    -45       51
  SINCE MAR 1     97                       216   -119      272
  SINCE JUL 1   1639                      1551     88     1978

 COOLING
  YESTERDAY        9                         6      3       11
  MONTH TO DATE  191                       109     82      108
  SINCE MAR 1    294                       167    127      134
  SINCE JAN 1    298                       198    100      154
..................................................................


WIND (MPH)
  HIGHEST WIND SPEED    17   HIGHEST WIND DIRECTION     S (170)
  HIGHEST GUST SPEED    27   HIGHEST GUST DIRECTION     S (170)
  AVERAGE WIND SPEED     7.3


SKY COVER
  POSSIBLE SUNSHINE  MM
  AVERAGE SKY COVER 0.4


WEATHER CONDITIONS
 THE FOLLOWING WEATHER WAS RECORDED YESTERDAY.
  THUNDERSTORM
  HEAVY RAIN
  RAIN
  LIGHT RAIN
  FOG


RELATIVE HUMIDITY (PERCENT)
 HIGHEST   100           600 AM
 LOWEST     74           400 PM
 AVERAGE    87

..........................................................


THE BATON ROUGE  ASOS CLIMATE NORMALS FOR TODAY
                         NORMAL    RECORD    YEAR
 MAXIMUM TEMPERATURE (F)   82        89      1989
                                             1963
 MINIMUM TEMPERATURE (F)   60        46      2001
                                             1983


SUNRISE AND SUNSET
APRIL 26 2015.........SUNRISE   626 AM CDT   SUNSET   739 PM CDT
APRIL 27 2015.........SUNRISE   625 AM CDT   SUNSET   740 PM CDT


-  INDICATES NEGATIVE NUMBERS.
R  INDICATES RECORD WAS SET OR TIED.
MM INDICATES DATA IS MISSING.
T  INDICATES TRACE AMOUNT.




$$
