000
CDUS46 KLOX 180903
CLIBUR


CLIMATE REPORT
NATIONAL WEATHER SERVICE LOS ANGELES/OXNARD CA
203 AM PDT SAT APR 18 2015


...................................

...THE BOB HOPE AIRPORT (BURBANK) CA CLIMATE SUMMARY FOR APRIL 17 2015...

CLIMATE NORMAL PERIOD 1981 TO 2010
CLIMATE RECORD PERIOD 1939 TO 2015


WEATHER ITEM   OBSERVED TIME   RECORD YEAR NORMAL DEPARTURE LAST
                VALUE   (LST)  VALUE       VALUE  FROM      YEAR
                                                  NORMAL
..................................................................
TEMPERATURE (F)
 YESTERDAY
  MAXIMUM         84    348 PM  93    1980  73     11       71
  MINIMUM         53    522 AM  37    1976  50      3       56
  AVERAGE         69                        62      7       64

PRECIPITATION (IN)
  YESTERDAY        0.00          1.57 2000   0.03  -0.03     0.00
  MONTH TO DATE    0.10                      0.74  -0.64     0.04
  SINCE OCT 1      7.13                     16.16  -9.03     5.54
  SINCE JAN 1      2.63                     11.72  -9.09     4.91

SNOWFALL (IN)
  YESTERDAY        0.0
  MONTH TO DATE    0.0
  SINCE MAR 1      0.0
  SINCE JUL 1      0.0

DEGREE DAYS
 HEATING
  YESTERDAY        0                         4     -4        1
  MONTH TO DATE   35                        91    -56       54
  SINCE MAR 1     84                       309   -225      142
  SINCE JUL 1    641                      1450   -809      619

 COOLING
  YESTERDAY        4                         1      3        0
  MONTH TO DATE   19                        17      2       42
  SINCE MAR 1    148                        27    121       62
  SINCE JAN 1    174                        33    141      122
..................................................................


WIND (MPH)
  HIGHEST WIND SPEED    16   HIGHEST WIND DIRECTION     W (280)
  HIGHEST GUST SPEED    23   HIGHEST GUST DIRECTION     W (280)
  AVERAGE WIND SPEED     4.4


SKY COVER
  POSSIBLE SUNSHINE  MM
  AVERAGE SKY COVER 0.0


WEATHER CONDITIONS
 THE FOLLOWING WEATHER WAS RECORDED YESTERDAY.
  NO SIGNIFICANT WEATHER WAS OBSERVED.


RELATIVE HUMIDITY (PERCENT)
 HIGHEST    32           600 AM
 LOWEST      9           500 PM
 AVERAGE    21

..........................................................


THE BOB HOPE AIRPORT (BURBANK) CA CLIMATE NORMALS FOR TODAY
                         NORMAL    RECORD    YEAR
 MAXIMUM TEMPERATURE (F)   74        92      1980
 MINIMUM TEMPERATURE (F)   50        39      1976


SUNRISE AND SUNSET
APRIL 18 2015.........SUNRISE   619 AM PDT   SUNSET   727 PM PDT
APRIL 19 2015.........SUNRISE   618 AM PDT   SUNSET   728 PM PDT


-  INDICATES NEGATIVE NUMBERS.
R  INDICATES RECORD WAS SET OR TIED.
MM INDICATES DATA IS MISSING.
T  INDICATES TRACE AMOUNT.




$$
