000
CDUS41 KLWX 180529
CLIBWI


CLIMATE REPORT
NATIONAL WEATHER SERVICE BALTIMORE MD/WASHINGTON DC
128 AM EDT SAT APR 18 2015


...................................

...THE BALTIMORE MD CLIMATE SUMMARY FOR APRIL 17 2015...

CLIMATE NORMAL PERIOD 1981 TO 2010
CLIMATE RECORD PERIOD 1870 TO 2015


WEATHER ITEM   OBSERVED TIME   RECORD YEAR NORMAL DEPARTURE LAST
                VALUE   (LST)  VALUE       VALUE  FROM      YEAR
                                                  NORMAL
..................................................................
TEMPERATURE (F)
 YESTERDAY
  MAXIMUM         78    450 PM  93    2002  65     13       52
  MINIMUM         55    551 AM  26    1962  43     12       30
  AVERAGE         67                        54     13       41

PRECIPITATION (IN)
  YESTERDAY        0.25          3.39 1910   0.10   0.15     0.00
  MONTH TO DATE    2.18                      1.85   0.33     3.09
  SINCE MAR 1      6.85                      5.75   1.10     7.47
  SINCE JAN 1     12.98                     11.70   1.28    14.76

SNOWFALL (IN)
  YESTERDAY        0.0           T    2001   0.0    0.0
                                      1905
  MONTH TO DATE    0.0                       0.0    0.0
  SINCE JUL 1     28.7                      20.1    8.6
  SNOW DEPTH       0

DEGREE DAYS
 HEATING
  YESTERDAY        0                        11    -11       24
  MONTH TO DATE  185                       233    -48      210
  SINCE MAR 1    962                       899     63     1023
  SINCE JUL 1   4777                      4494    283     4780

 COOLING
  YESTERDAY        2                         0      2        0
  MONTH TO DATE    2                         0      2        7
  SINCE MAR 1      2                         1      1        7
  SINCE JAN 1      2                         1      1        7
..................................................................


WIND (MPH)
  HIGHEST WIND SPEED    13   HIGHEST WIND DIRECTION     W (280)
  HIGHEST GUST SPEED    15   HIGHEST GUST DIRECTION     W (280)
  AVERAGE WIND SPEED     4.0


SKY COVER
  POSSIBLE SUNSHINE  MM
  AVERAGE SKY COVER 0.8


WEATHER CONDITIONS
 THE FOLLOWING WEATHER WAS RECORDED YESTERDAY.
  RAIN
  LIGHT RAIN
  FOG


RELATIVE HUMIDITY (PERCENT)
 HIGHEST    93           400 AM
 LOWEST     47           400 PM
 AVERAGE    70

..........................................................


THE BALTIMORE MD CLIMATE NORMALS FOR TODAY
                         NORMAL    RECORD    YEAR
 MAXIMUM TEMPERATURE (F)   66        94      1896
 MINIMUM TEMPERATURE (F)   44        26      1875


SUNRISE AND SUNSET
APRIL 18 2015.........SUNRISE   626 AM EDT   SUNSET   747 PM EDT
APRIL 19 2015.........SUNRISE   624 AM EDT   SUNSET   748 PM EDT


-  INDICATES NEGATIVE NUMBERS.
R  INDICATES RECORD WAS SET OR TIED.
MM INDICATES DATA IS MISSING.
T  INDICATES TRACE AMOUNT.




$$
