000
CDUS45 KTFX 281012
CLIBZN


CLIMATE REPORT
NATIONAL WEATHER SERVICE GREAT FALLS MT
411 AM MDT TUE APR 28 2015


...................................

...THE BOZEMAN/GALLATIN FIELD MT CLIMATE SUMMARY FOR APRIL 27 2015...

CLIMATE NORMAL PERIOD 1981 TO 2010
CLIMATE RECORD PERIOD 1935 TO 2015


WEATHER ITEM   OBSERVED TIME   RECORD YEAR NORMAL DEPARTURE LAST
                VALUE   (LST)  VALUE       VALUE  FROM      YEAR
                                                  NORMAL
..................................................................
TEMPERATURE (F)
 YESTERDAY
  MAXIMUM         56    600 PM  83    1987  63     -7       54
  MINIMUM         30    546 AM  19    1996  34     -4       32
                                      1943
  AVERAGE         43                        48     -5       43

PRECIPITATION (IN)
  YESTERDAY        0.00          0.45 2012   0.06  -0.06     0.22
  MONTH TO DATE    1.71                      1.41   0.30     0.91
  SINCE OCT 1      4.48                      5.64  -1.16     4.40
  SINCE JAN 1      2.55                      3.26  -0.71     3.35

SNOWFALL (IN)
  YESTERDAY        0.0           3.4  1989   0.2   -0.2      2.0
  MONTH TO DATE    5.0                       7.0   -2.0      2.3
  SINCE MAR 1      7.0                      14.7   -7.7      6.8
  SINCE JUL 1     37.4                      37.0    0.4     31.8
  SNOW DEPTH       0

DEGREE DAYS
 HEATING
  YESTERDAY       22                        17      5       22
  MONTH TO DATE  648                       549     99      597
  SINCE MAR 1   1404                      1433    -29     1568
  SINCE JUL 1   6986                      7013    -27     7583

 COOLING
  YESTERDAY        0                         0      0        0
  MONTH TO DATE    0                         0      0        0
  SINCE MAR 1      0                         0      0        0
  SINCE JAN 1      0                         0      0        0
..................................................................


WIND (MPH)
  HIGHEST WIND SPEED    12   HIGHEST WIND DIRECTION    SE (150)
  HIGHEST GUST SPEED    13   HIGHEST GUST DIRECTION     N (10)
  AVERAGE WIND SPEED     3.7


SKY COVER
  AVERAGE SKY COVER 0.5


WEATHER CONDITIONS
 THE FOLLOWING WEATHER WAS RECORDED YESTERDAY.
  FOG


RELATIVE HUMIDITY (PERCENT)
 HIGHEST   100
 LOWEST     38
 AVERAGE    69

..........................................................


THE BOZEMAN/GALLATIN FIELD MT CLIMATE NORMALS FOR TODAY
                         NORMAL    RECORD    YEAR
 MAXIMUM TEMPERATURE (F)   63        83      2007
 MINIMUM TEMPERATURE (F)   34        17      1984


SUNRISE AND SUNSET
APRIL 28 2015.........SUNRISE   617 AM MDT   SUNSET   828 PM MDT
APRIL 29 2015.........SUNRISE   615 AM MDT   SUNSET   829 PM MDT


-  INDICATES NEGATIVE NUMBERS.
R  INDICATES RECORD WAS SET OR TIED.
MM INDICATES DATA IS MISSING.
T  INDICATES TRACE AMOUNT.




$$
