000
CDUS42 KCAE 192145
CLICAE


CLIMATE REPORT
NATIONAL WEATHER SERVICE COLUMBIA SC
545 PM EDT SUN APR 19 2015


...................................

...THE COLUMBIA METRO AIRPORT SC CLIMATE SUMMARY FOR APRIL 19 2015...
VALID TODAY AS OF 0500 PM LOCAL TIME.

CLIMATE NORMAL PERIOD 1981 TO 2010
CLIMATE RECORD PERIOD 1887 TO 2015


WEATHER ITEM   OBSERVED TIME   RECORD YEAR NORMAL DEPARTURE LAST
                VALUE   (LST)  VALUE       VALUE  FROM      YEAR
                                                  NORMAL
..................................................................
TEMPERATURE (F)
 TODAY
  MAXIMUM         74    336 PM  94    1896  77     -3       58
  MINIMUM         67    829 AM  29    1983  51     16       51
  AVERAGE         71                        64      7       55

PRECIPITATION (IN)
  TODAY            0.60          1.74 1901   0.09   0.51     0.61
  MONTH TO DATE    2.91                      1.66   1.25     2.97
  SINCE MAR 1      5.69                      5.39   0.30     6.90
  SINCE JAN 1     13.05                     12.58   0.47    13.22

SNOWFALL (IN)
  TODAY            0.0          MM      MM   0.0             0.0
  MONTH TO DATE    0.0                       0.0             0.0
  SINCE MAR 1      0.0                       0.1             0.0
  SINCE JUL 1      T                         1.5             4.2

DEGREE DAYS
 HEATING
  TODAY            0                         3     -3       10
  MONTH TO DATE   28                        94    -66       69
  SINCE MAR 1    243                       404   -161      461
  SINCE JUL 1   2432                      2503    -71     2545

 COOLING
  TODAY            6                         3      3        0
  MONTH TO DATE  100                        36     64       41
  SINCE MAR 1    125                        54     71       42
  SINCE JAN 1    125                        58     67       49
..................................................................


WIND (MPH)
  HIGHEST WIND SPEED    20   HIGHEST WIND DIRECTION     S (190)
  HIGHEST GUST SPEED    38   HIGHEST GUST DIRECTION     S (190)
  AVERAGE WIND SPEED     8.8


SKY COVER
  AVERAGE SKY COVER 1.0


WEATHER CONDITIONS
 THE FOLLOWING WEATHER WAS RECORDED TODAY.
  THUNDERSTORM
  HEAVY RAIN
  RAIN
  LIGHT RAIN
  FOG
  FOG W/VISIBILITY <= 1/4 MILE


RELATIVE HUMIDITY (PERCENT)
 HIGHEST    93           500 AM
 LOWEST     79           200 PM
 AVERAGE    86

..........................................................


THE COLUMBIA METRO AIRPORT SC CLIMATE NORMALS FOR TOMORROW
                         NORMAL    RECORD    YEAR
 MAXIMUM TEMPERATURE (F)   77        93      1994
                                             1925
 MINIMUM TEMPERATURE (F)   52        26      1983


SUNRISE AND SUNSET
APRIL 19 2015.........SUNRISE   649 AM EDT   SUNSET   759 PM EDT
APRIL 20 2015.........SUNRISE   648 AM EDT   SUNSET   759 PM EDT


-  INDICATES NEGATIVE NUMBERS.
R  INDICATES RECORD WAS SET OR TIED.
MM INDICATES DATA IS MISSING.
T  INDICATES TRACE AMOUNT.




$$
