000
CDUS41 KCAR 280530
CLICAR

CLIMATE REPORT
NATIONAL WEATHER SERVICE CARIBOU, ME
128 AM EDT TUE APR 28 2015


...................................

...THE CARIBOU ME CLIMATE SUMMARY FOR APRIL 27 2015...

CLIMATE NORMAL PERIOD 1981 TO 2010
CLIMATE RECORD PERIOD 1939 TO 2015


WEATHER ITEM   OBSERVED TIME   RECORD YEAR NORMAL DEPARTURE LAST
                VALUE   (LST)  VALUE       VALUE  FROM      YEAR
                                                  NORMAL
..................................................................
TEMPERATURE (F)
 YESTERDAY
  MAXIMUM         53    130 PM  86    1990  54     -1       51
  MINIMUM         37    327 AM  17    1966  34      3       36
  AVERAGE         45                        44      1       44

PRECIPITATION (IN)
  YESTERDAY        0.10          1.29 2012   0.08   0.02      T
  MONTH TO DATE    2.34                      2.38  -0.04     4.37
  SINCE MAR 1      3.99                      4.89  -0.90     7.81
  SINCE JAN 1      8.09                      9.81  -1.72    14.03

SNOWFALL (IN)
  YESTERDAY        0.0           2.8  1947   0.1   -0.1      0.0
                                      2000
  MONTH TO DATE    8.6                       7.2    1.4      9.2
  SINCE MAR 1     33.5                      25.5    8.0     51.3
  SINCE JUL 1    141.8                     108.0   33.8    150.7
  SNOW DEPTH       0

DEGREE DAYS
 HEATING
  YESTERDAY       20                        21     -1       21
  MONTH TO DATE  783                       736     47      758
  SINCE MAR 1   2185                      1990    195     2298
  SINCE JUL 1   8926                      8711    215     8952

 COOLING
  YESTERDAY        0                         0      0        0
  MONTH TO DATE    0                         0      0        0
  SINCE MAR 1      0                         0      0        0
  SINCE JAN 1      0                         0      0        0
..................................................................


WIND (MPH)
  HIGHEST WIND SPEED    29   HIGHEST WIND DIRECTION     N (20)
  HIGHEST GUST SPEED    42   HIGHEST GUST DIRECTION     N (20)
  AVERAGE WIND SPEED    15.5


SKY COVER
  POSSIBLE SUNSHINE  MM
  AVERAGE SKY COVER 1.0


WEATHER CONDITIONS
 THE FOLLOWING WEATHER WAS RECORDED YESTERDAY.
  LIGHT RAIN


RELATIVE HUMIDITY (PERCENT)
 HIGHEST    92          1200 AM
 LOWEST     62           800 PM
 AVERAGE    77

..........................................................


THE CARIBOU ME CLIMATE NORMALS FOR TODAY
                         NORMAL    RECORD    YEAR
 MAXIMUM TEMPERATURE (F)   55        76      2009
 MINIMUM TEMPERATURE (F)   35        13      1947


SUNRISE AND SUNSET
APRIL 28 2015.........SUNRISE   522 AM EDT   SUNSET   738 PM EDT
APRIL 29 2015.........SUNRISE   521 AM EDT   SUNSET   739 PM EDT


-  INDICATES NEGATIVE NUMBERS.
R  INDICATES RECORD WAS SET OR TIED.
MM INDICATES DATA IS MISSING.
T  INDICATES TRACE AMOUNT.

THE CARIBOU ME 4 INCH SOIL TEMPERATURES FOR APR 27 2015

MAXIMUM SOIL TEMPERATURE (F) 40

MINIMUM SOIL TEMPERATURE (F) 37


$$
