000
CDUS44 KLUB 210629
CLICDS


CLIMATE REPORT
NATIONAL WEATHER SERVICE LUBBOCK, TX
128 AM CDT TUE APR 21 2015


...................................

...THE CHILDRESS CLIMATE SUMMARY FOR APRIL 20 2015...

CLIMATE NORMAL PERIOD 1981 TO 2010
CLIMATE RECORD PERIOD 1893 TO 2015


WEATHER ITEM   OBSERVED TIME   RECORD YEAR NORMAL DEPARTURE LAST
                VALUE   (LST)  VALUE       VALUE  FROM      YEAR
                                                  NORMAL
..................................................................
TEMPERATURE (F)
 YESTERDAY
  MAXIMUM         69    545 PM  98    1999  78     -9       78
                                      1904
  MINIMUM         43    544 AM  33    1966  50     -7       57
  AVERAGE         56                        64     -8       68

PRECIPITATION (IN)
  YESTERDAY        0.00          1.44 2014   0.07  -0.07     1.44
  MONTH TO DATE    2.25                      1.27   0.98     1.45
  SINCE MAR 1      2.39                      2.80  -0.41     1.91
  SINCE JAN 1      3.56                      4.58  -1.02     2.27

SNOWFALL (IN)
  YESTERDAY        0.0          MM      MM   0.0    0.0      0.0
  MONTH TO DATE    0.0                       0.2   -0.2      0.0
  SINCE MAR 1      0.0                       0.6   -0.6       T
  SINCE JUL 1      2.0                       7.0   -5.0      9.5
  SNOW DEPTH       0

DEGREE DAYS
 HEATING
  YESTERDAY        9                         4      5        0
  MONTH TO DATE   66                       122    -56      131
  SINCE MAR 1    400                       497    -97      589
  SINCE JUL 1   2897                      3057   -160     3405

 COOLING
  YESTERDAY        0                         3     -3        3
  MONTH TO DATE   64                        38     26       37
  SINCE MAR 1     81                        56     25       47
  SINCE JAN 1     81                        57     24       47
..................................................................


WIND (MPH)
  RESULTANT WIND SPEED   2   RESULTANT WIND DIRECTION   E (110)
  HIGHEST WIND SPEED    16   HIGHEST WIND DIRECTION    SE (150)
  HIGHEST GUST SPEED    21   HIGHEST GUST DIRECTION    SE (150)
  AVERAGE WIND SPEED     6.9


SKY COVER
  AVERAGE SKY COVER 0.0


WEATHER CONDITIONS
 THE FOLLOWING WEATHER WAS RECORDED YESTERDAY.
  NO SIGNIFICANT WEATHER WAS OBSERVED.


RELATIVE HUMIDITY (PERCENT)
 HIGHEST    77          1200 AM
 LOWEST     23           500 PM
 AVERAGE    50

..........................................................


THE CHILDRESS CLIMATE NORMALS FOR TODAY
                         NORMAL    RECORD    YEAR
 MAXIMUM TEMPERATURE (F)   78        97      1965
 MINIMUM TEMPERATURE (F)   50        36      1966


SUNRISE AND SUNSET
APRIL 21 2015.........SUNRISE   703 AM CDT   SUNSET   818 PM CDT
APRIL 22 2015.........SUNRISE   701 AM CDT   SUNSET   818 PM CDT


-  INDICATES NEGATIVE NUMBERS.
R  INDICATES RECORD WAS SET OR TIED.
MM INDICATES DATA IS MISSING.
T  INDICATES TRACE AMOUNT.




$$
