000
CDUS43 KDVN 040915
CLICID


CLIMATE REPORT
NATIONAL WEATHER SERVICE QUAD CITIES IA IL
413 AM CDT MON MAY 4 2015


...................................

...THE CEDAR RAPIDS IA CLIMATE SUMMARY FOR MAY 3 2015...

CLIMATE NORMAL PERIOD 1981 TO 2010
CLIMATE RECORD PERIOD 1891 TO 2015


WEATHER ITEM   OBSERVED TIME   RECORD YEAR NORMAL DEPARTURE LAST
                VALUE   (LST)  VALUE       VALUE  FROM      YEAR
                                                  NORMAL
..................................................................
TEMPERATURE (F)
 YESTERDAY
  MAXIMUM         82        MM  90    1949  67     15       69
  MINIMUM         MM        MM  25    2005  44     MM       41
  AVERAGE         MM                        56     MM       55

PRECIPITATION (IN)
  YESTERDAY       MM            MM      MM   0.14  MM         T
  MONTH TO DATE    0.00                      0.40  -0.40     0.02
  SINCE MAR 1      4.24                      5.55  -1.31     7.28
  SINCE JAN 1      5.57                      7.69  -2.12     9.03

DEGREE DAYS
 HEATING
  YESTERDAY       MM                        10     MM       10
  MONTH TO DATE   MM                        30     MM       42
  SINCE MAR 1   1291                      1392   -101     1629
  SINCE JUL 1   6818                      6675    143     7668

 COOLING
  YESTERDAY       MM                         0     MM        0
  MONTH TO DATE   MM                         0     MM        0
  SINCE MAR 1      0                         7     -7        7
  SINCE JAN 1      0                         7     -7        7
..................................................................


WIND (MPH)
  HIGHEST WIND SPEED    18   HIGHEST WIND DIRECTION     S (180)
  HIGHEST GUST SPEED    45   HIGHEST GUST DIRECTION    NW (330)
  AVERAGE WIND SPEED    13.1


SKY COVER
  POSSIBLE SUNSHINE  MM
  AVERAGE SKY COVER 0.4


WEATHER CONDITIONS
 THE FOLLOWING WEATHER WAS RECORDED YESTERDAY.
  THUNDERSTORM
  RAIN


RELATIVE HUMIDITY (PERCENT)
 HIGHEST    93          1100 AM
 LOWEST     45           500 PM
 AVERAGE    69

..........................................................


THE CEDAR RAPIDS IA CLIMATE NORMALS FOR TODAY
                         NORMAL    RECORD    YEAR
 MAXIMUM TEMPERATURE (F)   68        92      1918
 MINIMUM TEMPERATURE (F)   45        27      2011
                                             1935


SUNRISE AND SUNSET
MAY  4 2015...........SUNRISE   559 AM CDT   SUNSET   808 PM CDT
MAY  5 2015...........SUNRISE   558 AM CDT   SUNSET   809 PM CDT


-  INDICATES NEGATIVE NUMBERS.
R  INDICATES RECORD WAS SET OR TIED.
MM INDICATES DATA IS MISSING.
T  INDICATES TRACE AMOUNT.




$$
