000
CDUS41 KCLE 210535
CLICLE


CLIMATE REPORT
NATIONAL WEATHER SERVICE CLEVELAND OH
134 AM EDT TUE APR 21 2015


...................................

...THE CLEVELAND OH CLIMATE SUMMARY FOR APRIL 20 2015...

CLIMATE NORMAL PERIOD 1981 TO 2010
CLIMATE RECORD PERIOD 1871 TO 2015


WEATHER ITEM   OBSERVED TIME   RECORD YEAR NORMAL DEPARTURE LAST
                VALUE   (LST)  VALUE       VALUE  FROM      YEAR
                                                  NORMAL
..................................................................
TEMPERATURE (F)
 YESTERDAY
  MAXIMUM         67    110 PM  83    1985  61      6       76
  MINIMUM         46   1119 PM  23    1904  42      4       36
  AVERAGE         57                        52      5       56

PRECIPITATION (IN)
  YESTERDAY        0.14                      0.11   0.03     0.00
  MONTH TO DATE    2.51                      2.41   0.10     3.52
  SINCE MAR 1      4.48                      5.34  -0.86     5.72
  SINCE JAN 1      9.28                     10.40  -1.12    10.75

SNOWFALL (IN)
  YESTERDAY        0.0                       0.0    0.0      0.0
  MONTH TO DATE    0.1                       3.0   -2.9      1.3
  SINCE MAR 1      4.9                      15.6  -10.7     16.4
  SINCE JUL 1     66.3                      67.8   -1.5     86.1
  SNOW DEPTH       0

DEGREE DAYS
 HEATING
  YESTERDAY        8                        14     -6        9
  MONTH TO DATE  237                       347   -110      302
  SINCE MAR 1   1192                      1173     19     1311
  SINCE JUL 1   6142                      5390    752     5992

 COOLING
  YESTERDAY        0                         0      0        0
  MONTH TO DATE    1                         0      1        6
  SINCE MAR 1      1                         1      0        6
  SINCE JAN 1      1                         1      0        6
..................................................................


WIND (MPH)
  HIGHEST WIND SPEED    36   HIGHEST WIND DIRECTION    SW (240)
  HIGHEST GUST SPEED    45   HIGHEST GUST DIRECTION    SW (230)
  AVERAGE WIND SPEED    18.5


SKY COVER
  POSSIBLE SUNSHINE  MM
  AVERAGE SKY COVER 0.7


WEATHER CONDITIONS
 THE FOLLOWING WEATHER WAS RECORDED YESTERDAY.
  RAIN
  LIGHT RAIN
  FOG
  HAZE


RELATIVE HUMIDITY (PERCENT)
 HIGHEST    84           600 AM
 LOWEST     55           700 PM
 AVERAGE    70

..........................................................


THE CLEVELAND OH CLIMATE NORMALS FOR TODAY
                         NORMAL    RECORD    YEAR
 MAXIMUM TEMPERATURE (F)   61        86      1952
 MINIMUM TEMPERATURE (F)   42        24      1875


SUNRISE AND SUNSET
APRIL 21 2015.........SUNRISE   639 AM EDT   SUNSET   814 PM EDT
APRIL 22 2015.........SUNRISE   638 AM EDT   SUNSET   815 PM EDT


-  INDICATES NEGATIVE NUMBERS.
R  INDICATES RECORD WAS SET OR TIED.
MM INDICATES DATA IS MISSING.
T  INDICATES TRACE AMOUNT.




$$
