000
CDUS44 KHGX 210719
CLICLL


CLIMATE REPORT
NATIONAL WEATHER SERVICE HOUSTON/GALVESTON TX
218 AM CDT TUE APR 21 2015


...................................

...THE COLLEGE STATION CLIMATE SUMMARY FOR APRIL 20 2015...

CLIMATE NORMAL PERIOD 1981 TO 2010
CLIMATE RECORD PERIOD 1902 TO 2015


WEATHER ITEM   OBSERVED TIME   RECORD YEAR NORMAL DEPARTURE LAST
                VALUE   (LST)  VALUE       VALUE  FROM      YEAR
                                                  NORMAL
..................................................................
TEMPERATURE (F)
 YESTERDAY
  MAXIMUM         73    403 PM  94    2011  80     -7       80
                                      1925
  MINIMUM         52    609 AM  40    1953  59     -7       59
  AVERAGE         63                        70     -7       70

PRECIPITATION (IN)
  YESTERDAY        0.00          2.40 1915   0.09  -0.09     0.00
  MONTH TO DATE    2.36                      1.63   0.73     1.23
  SINCE MAR 1      8.19                      4.80   3.39     2.84
  SINCE JAN 1     15.60                     10.89   4.71     5.02

SNOWFALL (IN)
  YESTERDAY        0.0
  MONTH TO DATE    0.0
  SINCE JUL 1      T

DEGREE DAYS
 HEATING
  YESTERDAY        2                         1      1        0
  MONTH TO DATE    9                        40    -31       59
  SINCE MAR 1    220                       212      8      328
  SINCE JUL 1   1761                      1599    162     2052

 COOLING
  YESTERDAY        0                         6     -6        5
  MONTH TO DATE  123                        86     37       74
  SINCE MAR 1    169                       145     24       97
  SINCE JAN 1    170                       173     -3      118
..................................................................


WIND (MPH)
  HIGHEST WIND SPEED    20   HIGHEST WIND DIRECTION     N (10)
  HIGHEST GUST SPEED    27   HIGHEST GUST DIRECTION     N (20)
  AVERAGE WIND SPEED     8.0


SKY COVER
  AVERAGE SKY COVER 0.0


WEATHER CONDITIONS
 THE FOLLOWING WEATHER WAS RECORDED YESTERDAY.
  NO SIGNIFICANT WEATHER WAS OBSERVED.


RELATIVE HUMIDITY (PERCENT)
 HIGHEST    72           300 AM
 LOWEST     33           400 PM
 AVERAGE    53

..........................................................


THE COLLEGE STATION CLIMATE NORMALS FOR TODAY
                         NORMAL    RECORD    YEAR
 MAXIMUM TEMPERATURE (F)   80        94      1925
 MINIMUM TEMPERATURE (F)   60        38      1931


SUNRISE AND SUNSET
APRIL 21 2015.........SUNRISE   652 AM CDT   SUNSET   757 PM CDT
APRIL 22 2015.........SUNRISE   651 AM CDT   SUNSET   758 PM CDT


-  INDICATES NEGATIVE NUMBERS.
R  INDICATES RECORD WAS SET OR TIED.
MM INDICATES DATA IS MISSING.
T  INDICATES TRACE AMOUNT.




$$
