000
CDUS41 KILN 030620
CLICMH


CLIMATE REPORT
NATIONAL WEATHER SERVICE WILMINGTON OH
220 AM EDT SUN MAY 3 2015


...................................

...THE COLUMBUS OH CLIMATE SUMMARY FOR MAY 2 2015...

CLIMATE NORMAL PERIOD 1981 TO 2010
CLIMATE RECORD PERIOD 1869 TO 2015


WEATHER ITEM   OBSERVED TIME   RECORD YEAR NORMAL DEPARTURE LAST
                VALUE   (LST)  VALUE       VALUE  FROM      YEAR
                                                  NORMAL
..................................................................
TEMPERATURE (F)
 YESTERDAY
  MAXIMUM         74    357 PM  88    1959  69      5       59
  MINIMUM         42    449 AM  30    1994  48     -6       48
                                      1963
  AVERAGE         58                        58      0       54

PRECIPITATION (IN)
  YESTERDAY        0.00          1.92 1935   0.12  -0.12     0.00
  MONTH TO DATE    T                         0.24  -0.24     0.00
  SINCE MAR 1      8.01                      6.66   1.35     8.06
  SINCE JAN 1     12.58                     11.64   0.94    12.85

SNOWFALL (IN)
  YESTERDAY        0.0           0.0    MM   0.0    0.0      0.0
  MONTH TO DATE    0.0                       0.0    0.0      0.0
  SINCE MAR 1      5.4                       5.3    0.1      5.4
  SINCE JUL 1     33.4                      26.7    6.7     56.4
  SNOW DEPTH       0

DEGREE DAYS
 HEATING
  YESTERDAY        7                         7      0       11
  MONTH TO DATE   13                        15     -2       21
  SINCE MAR 1   1192                      1102     90     1158
  SINCE JUL 1   5746                      5097    649     5542

 COOLING
  YESTERDAY        0                         1     -1        0
  MONTH TO DATE    0                         2     -2        0
  SINCE MAR 1      0                        14    -14        8
  SINCE JAN 1      0                        14    -14        8
..................................................................


WIND (MPH)
  RESULTANT WIND SPEED   3   RESULTANT WIND DIRECTION  SW (240)
  HIGHEST WIND SPEED    16   HIGHEST WIND DIRECTION     W (250)
  HIGHEST GUST SPEED    21   HIGHEST GUST DIRECTION    SW (240)
  AVERAGE WIND SPEED     3.7


SKY COVER
  POSSIBLE SUNSHINE  MM
  AVERAGE SKY COVER 0.7


WEATHER CONDITIONS
 THE FOLLOWING WEATHER WAS RECORDED YESTERDAY.
  NO SIGNIFICANT WEATHER WAS OBSERVED.


RELATIVE HUMIDITY (PERCENT)
 HIGHEST    89           500 AM
 LOWEST     31           500 PM
 AVERAGE    60

..........................................................


THE COLUMBUS OH CLIMATE NORMALS FOR TODAY
                         NORMAL    RECORD    YEAR
 MAXIMUM TEMPERATURE (F)   69        89      1959
 MINIMUM TEMPERATURE (F)   48        30      1978


SUNRISE AND SUNSET
MAY  3 2015...........SUNRISE   629 AM EDT   SUNSET   828 PM EDT
MAY  4 2015...........SUNRISE   628 AM EDT   SUNSET   829 PM EDT


-  INDICATES NEGATIVE NUMBERS.
R  INDICATES RECORD WAS SET OR TIED.
MM INDICATES DATA IS MISSING.
T  INDICATES TRACE AMOUNT.




$$
