000
CDUS43 KLSX 010727
CLICOU


CLIMATE REPORT
NATIONAL WEATHER SERVICE ST LOUIS MO
226 AM CDT WED APR 1 2015


...................................

...THE COLUMBIA ASOS CLIMATE SUMMARY FOR MARCH 31 2015...

CLIMATE NORMAL PERIOD 1981 TO 2010
CLIMATE RECORD PERIOD 1890 TO 2015


WEATHER ITEM   OBSERVED TIME   RECORD YEAR NORMAL DEPARTURE LAST
                VALUE   (LST)  VALUE       VALUE  FROM      YEAR
                                                  NORMAL
..................................................................
TEMPERATURE (F)
 YESTERDAY
  MAXIMUM         76    312 PM  86    1940  61     15       69
  MINIMUM         48    603 AM  15    1923  39      9       50
  AVERAGE         62                        50     12       60

PRECIPITATION (IN)
  YESTERDAY        0.00          2.04 1914   0.12  -0.12     0.01
  MONTH TO DATE    1.54                      2.91  -1.37     1.23
  SINCE MAR 1      1.54                      2.91  -1.37     1.23
  SINCE JAN 1      3.89                      7.08  -3.19     3.49

SNOWFALL (IN)
  YESTERDAY        0.0           1.7  1911   0.0    0.0      0.0
  MONTH TO DATE    1.6                       1.7   -0.1      0.5
  SINCE MAR 1      1.6                       1.7   -0.1      0.5
  SINCE JUL 1     12.0                      17.8   -5.8     17.8
  SNOW DEPTH       0

DEGREE DAYS
 HEATING
  YESTERDAY        3                        15    -12        5
  MONTH TO DATE  585                       635    -50      730
  SINCE MAR 1    585                       636    -51      730
  SINCE JUL 1   4640                      4582     58     5159

 COOLING
  YESTERDAY        0                         0      0        0
  MONTH TO DATE    0                         3     -3        0
  SINCE MAR 1      0                         3     -3        0
  SINCE JAN 1      0                         3     -3        0
..................................................................


WIND (MPH)
  HIGHEST WIND SPEED    16   HIGHEST WIND DIRECTION     N (20)
  HIGHEST GUST SPEED    21   HIGHEST GUST DIRECTION     N (20)
  AVERAGE WIND SPEED     8.1


SKY COVER
  AVERAGE SKY COVER 0.0


WEATHER CONDITIONS
 THE FOLLOWING WEATHER WAS RECORDED YESTERDAY.
  NO SIGNIFICANT WEATHER WAS OBSERVED.


RELATIVE HUMIDITY (PERCENT)
 HIGHEST    61
 LOWEST     21
 AVERAGE    41

..........................................................


THE COLUMBIA ASOS CLIMATE NORMALS FOR TODAY
                         NORMAL    RECORD    YEAR
 MAXIMUM TEMPERATURE (F)   61        88      1946
 MINIMUM TEMPERATURE (F)   39        20      1926


SUNRISE AND SUNSET
APRIL  1 2015.........SUNRISE   654 AM CDT   SUNSET   732 PM CDT
APRIL  2 2015.........SUNRISE   652 AM CDT   SUNSET   733 PM CDT


-  INDICATES NEGATIVE NUMBERS.
R  INDICATES RECORD WAS SET OR TIED.
MM INDICATES DATA IS MISSING.
T  INDICATES TRACE AMOUNT.




$$
