000
CDUS42 KFFC 030821
CLICSG


CLIMATE REPORT
NATIONAL WEATHER SERVICE PEACHTREE CITY GA
421 AM EDT SUN MAY 3 2015


...................................

...THE COLUMBUS CLIMATE SUMMARY FOR MAY 2 2015...

CLIMATE NORMAL PERIOD 1981 TO 2010
CLIMATE RECORD PERIOD 1948 TO 2015


WEATHER ITEM   OBSERVED TIME   RECORD YEAR NORMAL DEPARTURE LAST
                VALUE   (LST)  VALUE       VALUE  FROM      YEAR
                                                  NORMAL
..................................................................
TEMPERATURE (F)
 YESTERDAY
  MAXIMUM         78    549 PM  93    1948  81     -3       74
  MINIMUM         49    626 AM  39    1963  57     -8       54
  AVERAGE         64                        69     -5       64

PRECIPITATION (IN)
  YESTERDAY        0.00          2.27 1964   0.11  -0.11      T
  MONTH TO DATE    0.00                      0.21  -0.21      T
  SINCE MAR 1      8.93                      9.22  -0.29    14.70
  SINCE JAN 1     16.30                     17.51  -1.21    23.02

DEGREE DAYS
 HEATING
  YESTERDAY        1                         1      0        1
  MONTH TO DATE    2                         2      0        5
  SINCE MAR 1    202                       337   -135      396
  SINCE JUL 1   2212                      2114     98     2339

 COOLING
  YESTERDAY        0                         5     -5        0
  MONTH TO DATE    0                        10    -10        0
  SINCE MAR 1    149                       110     39       68
  SINCE JAN 1    149                       114     35       71
..................................................................


WIND (MPH)
  HIGHEST WIND SPEED    10   HIGHEST WIND DIRECTION     W (270)
  HIGHEST GUST SPEED    16   HIGHEST GUST DIRECTION    SW (240)
  AVERAGE WIND SPEED     1.1


SKY COVER
  AVERAGE SKY COVER 0.0


WEATHER CONDITIONS
 THE FOLLOWING WEATHER WAS RECORDED YESTERDAY.
  NO SIGNIFICANT WEATHER WAS OBSERVED.


RELATIVE HUMIDITY (PERCENT)
 HIGHEST    80           500 AM
 LOWEST     28           400 PM
 AVERAGE    54

..........................................................


THE COLUMBUS CLIMATE NORMALS FOR TODAY
                         NORMAL    RECORD    YEAR
 MAXIMUM TEMPERATURE (F)   81        91      1990
 MINIMUM TEMPERATURE (F)   58        43      1961


SUNRISE AND SUNSET
MAY  3 2015...........SUNRISE   651 AM EDT   SUNSET   822 PM EDT
MAY  4 2015...........SUNRISE   650 AM EDT   SUNSET   823 PM EDT


-  INDICATES NEGATIVE NUMBERS.
R  INDICATES RECORD WAS SET OR TIED.
MM INDICATES DATA IS MISSING.
T  INDICATES TRACE AMOUNT.




$$
