000
CDUS45 KTFX 272223
CLICTB


CLIMATE REPORT
NATIONAL WEATHER SERVICE GREAT FALLS MT
423 PM MDT MON APR 27 2015


...................................

...THE CUT BANK MT CLIMATE SUMMARY FOR APRIL 27 2015...
VALID TODAY AS OF 0400 PM LOCAL TIME.

CLIMATE NORMAL PERIOD 1981 TO 2010
CLIMATE RECORD PERIOD 1903 TO 2015


WEATHER ITEM   OBSERVED TIME   RECORD YEAR NORMAL DEPARTURE LAST
                VALUE   (LST)  VALUE       VALUE  FROM      YEAR
                                                  NORMAL
..................................................................
TEMPERATURE (F)
 TODAY
  MAXIMUM         64    255 PM  82    1987  57      7       49
  MINIMUM         29    205 AM  16    1966  32     -3       17
  AVERAGE         47                        44      3       33

PRECIPITATION (IN)
  TODAY            0.00          0.88 1970   0.04  -0.04     0.00
  MONTH TO DATE    0.15                      0.68  -0.53     1.55
  SINCE OCT 1      3.82                      2.61   1.21     4.67
  SINCE JAN 1      1.29                      1.59  -0.30     3.47

SNOWFALL (IN)
  TODAY           MM
  SNOW DEPTH       0

DEGREE DAYS
 HEATING
  TODAY           18                        21     -3       32
  MONTH TO DATE  660                       660      0      644
  SINCE MAR 1   1434                      1698   -264     1866
  SINCE JUL 1   7096                      7758   -662     8072

 COOLING
  TODAY            0                         0      0        0
  MONTH TO DATE    0                         0      0        0
  SINCE MAR 1      0                         0      0        0
  SINCE JAN 1      0                         0      0        0
..................................................................


WIND (MPH)
  HIGHEST WIND SPEED    18   HIGHEST WIND DIRECTION    SW (240)
  HIGHEST GUST SPEED    23   HIGHEST GUST DIRECTION    SW (240)
  AVERAGE WIND SPEED     7.8


SKY COVER
  AVERAGE SKY COVER 0.0


WEATHER CONDITIONS
 THE FOLLOWING WEATHER WAS RECORDED TODAY.
  NO SIGNIFICANT WEATHER WAS OBSERVED.


RELATIVE HUMIDITY (PERCENT)
 HIGHEST    85           100 AM
 LOWEST     24          1000 AM
 AVERAGE    55

..........................................................


THE CUT BANK MT CLIMATE NORMALS FOR TOMORROW
                         NORMAL    RECORD    YEAR
 MAXIMUM TEMPERATURE (F)   57        86      1987
 MINIMUM TEMPERATURE (F)   32        12      1954


SUNRISE AND SUNSET
APRIL 27 2015.........SUNRISE   617 AM MDT   SUNSET   838 PM MDT
APRIL 28 2015.........SUNRISE   615 AM MDT   SUNSET   840 PM MDT


-  INDICATES NEGATIVE NUMBERS.
R  INDICATES RECORD WAS SET OR TIED.
MM INDICATES DATA IS MISSING.
T  INDICATES TRACE AMOUNT.




$$
