000
CDUS42 KTAE 250633
CLICTY


CLIMATE REPORT
NATIONAL WEATHER SERVICE TALLAHASSEE FL
233 AM EDT SAT APR 25 2015


...................................

...THE CROSS CITY  CLIMATE SUMMARY FOR APRIL 24 2015...

CLIMATE NORMAL PERIOD 1981 TO 2010
CLIMATE RECORD PERIOD 1948 TO 2015


WEATHER ITEM   OBSERVED TIME   NORMAL DEPARTURE LAST
                VALUE   (LST)  VALUE  FROM      YEAR
                                      NORMAL
......................................................
TEMPERATURE (F)
 YESTERDAY
  MAXIMUM         89    453 PM  82      7       83
  MINIMUM         63    609 AM  55      8       62
  AVERAGE         76            68      8

PRECIPITATION (IN)
  YESTERDAY        0.00          0.06  -0.06     0.00
  MONTH TO DATE    1.19          2.63  -1.44     3.83
  SINCE MAR 1      2.56          6.84  -4.28     8.79
  SINCE JAN 1      8.53         14.15  -5.62    18.94

DEGREE DAYS
 HEATING
  YESTERDAY        0             1     -1
  MONTH TO DATE    0            45    -45
  SINCE MAR 1     52           180   -128
  SINCE JUL 1   1212          1300    -88

 COOLING
  YESTERDAY       11             4      7
  MONTH TO DATE  220            78    142
  SINCE MAR 1    376           125    251
  SINCE JAN 1    392           152    240
......................................................


WIND (MPH)
  RESULTANT WIND SPEED   1   RESULTANT WIND DIRECTION  NE (40)
  HIGHEST WIND SPEED    13   HIGHEST WIND DIRECTION    NE (30)
  HIGHEST GUST SPEED    16   HIGHEST GUST DIRECTION    NE (30)
  AVERAGE WIND SPEED     3.0



WEATHER CONDITIONS
 THE FOLLOWING WEATHER WAS RECORDED YESTERDAY.
  NO SIGNIFICANT WEATHER WAS OBSERVED.


RELATIVE HUMIDITY (PERCENT)
 HIGHEST    93
 LOWEST     34

..........................................................




SUNRISE AND SUNSET
APRIL 25 2015.........SUNRISE   656 AM EDT   SUNSET   805 PM EDT
APRIL 26 2015.........SUNRISE   655 AM EDT   SUNSET   806 PM EDT


-  INDICATES NEGATIVE NUMBERS.
R  INDICATES RECORD WAS SET OR TIED.
MM INDICATES DATA IS MISSING.
T  INDICATES TRACE AMOUNT.




$$
