000
CDUS42 KCAE 260629
CLICUB


CLIMATE REPORT
NATIONAL WEATHER SERVICE COLUMBIA SC
229 AM EDT SUN APR 26 2015


...................................

...THE HAMILTON - OWENS AIRPORT SC CLIMATE SUMMARY FOR APRIL 25 2015...

CLIMATE NORMAL PERIOD 1981 TO 2010
CLIMATE RECORD PERIOD 9999 TO 9999


WEATHER ITEM   OBSERVED TIME   NORMAL DEPARTURE LAST
                VALUE   (LST)  VALUE  FROM      YEAR
                                      NORMAL
......................................................
TEMPERATURE (F)
 YESTERDAY
  MAXIMUM         75    606 PM  79     -4       83
  MINIMUM         56    727 AM  55      1       59
  AVERAGE         66            67     -1       71

PRECIPITATION (IN)
  YESTERDAY        0.27          0.06   0.21     0.00
  MONTH TO DATE    2.39          2.29   0.10     2.74
  SINCE MAR 1      5.03          6.17  -1.14     6.63
  SINCE JAN 1     12.95         13.45  -0.50    13.01

DEGREE DAYS
 HEATING
  YESTERDAY        0             2     -2        0
  MONTH TO DATE   27            90    -63       76
  SINCE MAR 1    235           364   -129      468
  SINCE JUL 1   2361          2293     68     2460

 COOLING
  YESTERDAY        1             4     -3        6
  MONTH TO DATE  108            63     45       51
  SINCE MAR 1    129            78     51       53
  SINCE JAN 1    129            81     48       59
......................................................


WIND (MPH)
  HIGHEST WIND SPEED    16   HIGHEST WIND DIRECTION     W (260)
  HIGHEST GUST SPEED    19   HIGHEST GUST DIRECTION     W (270)
  AVERAGE WIND SPEED     3.6


SKY COVER
  AVERAGE SKY COVER 0.7


WEATHER CONDITIONS
 THE FOLLOWING WEATHER WAS RECORDED YESTERDAY.
  RAIN
  LIGHT RAIN
  FOG


RELATIVE HUMIDITY (PERCENT)
 HIGHEST    93           600 AM
 LOWEST     60           200 AM

..........................................................


THE HAMILTON - OWENS AIRPORT SC CLIMATE NORMALS FOR TODAY
                         NORMAL    RECORD    YEAR
 MAXIMUM TEMPERATURE (F)   79        MM        MM
 MINIMUM TEMPERATURE (F)   55        MM        MM


SUNRISE AND SUNSET
APRIL 26 2015.........SUNRISE   640 AM EDT   SUNSET   804 PM EDT
APRIL 27 2015.........SUNRISE   639 AM EDT   SUNSET   804 PM EDT


-  INDICATES NEGATIVE NUMBERS.
R  INDICATES RECORD WAS SET OR TIED.
MM INDICATES DATA IS MISSING.
T  INDICATES TRACE AMOUNT.




$$
