000
CDUS43 KUNR 010836
CLICUT


CLIMATE REPORT
NATIONAL WEATHER SERVICE RAPID CITY SD
233 AM MDT WED APR 1 2015


...................................

...THE CUSTER COUNTY AIRPORT SD CLIMATE SUMMARY FOR MARCH 31 2015...

CLIMATE NORMAL PERIOD 1981 TO 2010
CLIMATE RECORD PERIOD 9999 TO 9999


WEATHER ITEM   OBSERVED TIME   NORMAL DEPARTURE LAST
                VALUE   (LST)  VALUE  FROM      YEAR
                                      NORMAL
......................................................
TEMPERATURE (F)
 YESTERDAY
  MAXIMUM         68    418 PM  45     23       35
  MINIMUM         33    435 AM  24      9       16
  AVERAGE         51            35     16       26

PRECIPITATION (IN)
  YESTERDAY        0.00          0.04  -0.04     0.07
  MONTH TO DATE    0.33          1.01  -0.68     1.20
  SINCE MAR 1      0.33          1.01  -0.68     1.20
  SINCE JAN 1      0.73          1.87  -1.14     2.53

DEGREE DAYS
 HEATING
  YESTERDAY       14            30    -16       39
  MONTH TO DATE  831          1039   -208     1052
  SINCE MAR 1    831          1040   -209     1052
  SINCE JUL 1   6280          6875   -595     6910

 COOLING
  YESTERDAY        0             0      0        0
  MONTH TO DATE    0             0      0        0
  SINCE MAR 1      0             0      0        0
  SINCE JAN 1      0             0      0        0
......................................................


WIND (MPH)
  HIGHEST WIND SPEED    16   HIGHEST WIND DIRECTION     W (270)
  HIGHEST GUST SPEED    23   HIGHEST GUST DIRECTION     S (200)
  AVERAGE WIND SPEED     6.2


SKY COVER
  AVERAGE SKY COVER 0.0


WEATHER CONDITIONS
 THE FOLLOWING WEATHER WAS RECORDED YESTERDAY.
  NO SIGNIFICANT WEATHER WAS OBSERVED.


RELATIVE HUMIDITY (PERCENT)
 HIGHEST    64
 LOWEST     12
 AVERAGE    38

..........................................................




SUNRISE AND SUNSET
APRIL  1 2015.........SUNRISE   636 AM MDT   SUNSET   721 PM MDT
APRIL  2 2015.........SUNRISE   635 AM MDT   SUNSET   722 PM MDT


-  INDICATES NEGATIVE NUMBERS.
R  INDICATES RECORD WAS SET OR TIED.
MM INDICATES DATA IS MISSING.
T  INDICATES TRACE AMOUNT.




$$
