000
CDUS43 KUNR 060847
CLICUT


CLIMATE REPORT
NATIONAL WEATHER SERVICE RAPID CITY SD
247 AM MDT WED MAY 6 2015


...................................

...THE CUSTER COUNTY AIRPORT SD CLIMATE SUMMARY FOR MAY 5 2015...

CLIMATE NORMAL PERIOD 1981 TO 2010
CLIMATE RECORD PERIOD 9999 TO 9999


WEATHER ITEM   OBSERVED TIME   NORMAL DEPARTURE LAST
                VALUE   (LST)  VALUE  FROM      YEAR
                                      NORMAL
......................................................
TEMPERATURE (F)
 YESTERDAY
  MAXIMUM         56   1221 PM  58     -2       63
  MINIMUM         36    220 AM  33      3       34
  AVERAGE         46            45      1       49

PRECIPITATION (IN)
  YESTERDAY        0.07          0.10  -0.03     0.00
  MONTH TO DATE    0.35          0.50  -0.15      T
  SINCE MAR 1      2.66          3.63  -0.97     3.27
  SINCE JAN 1      3.06          4.49  -1.43     4.60

DEGREE DAYS
 HEATING
  YESTERDAY       19            20     -1       16
  MONTH TO DATE   85           102    -17       93
  SINCE MAR 1   1625          1917   -292     1916
  SINCE JUL 1   7074          7752   -678     7774

 COOLING
  YESTERDAY        0             0      0        0
  MONTH TO DATE    0             0      0        0
  SINCE MAR 1      0             0      0        0
  SINCE JAN 1      0             0      0        0
......................................................


WIND (MPH)
  HIGHEST WIND SPEED    14   HIGHEST WIND DIRECTION     E (90)
  HIGHEST GUST SPEED    19   HIGHEST GUST DIRECTION     S (180)
  AVERAGE WIND SPEED     6.3


SKY COVER
  AVERAGE SKY COVER 0.8


WEATHER CONDITIONS
 THE FOLLOWING WEATHER WAS RECORDED YESTERDAY.
  LIGHT RAIN
  FOG


RELATIVE HUMIDITY (PERCENT)
 HIGHEST   100
 LOWEST     49
 AVERAGE    75

..........................................................




SUNRISE AND SUNSET
MAY  6 2015...........SUNRISE   540 AM MDT   SUNSET   803 PM MDT
MAY  7 2015...........SUNRISE   539 AM MDT   SUNSET   804 PM MDT


-  INDICATES NEGATIVE NUMBERS.
R  INDICATES RECORD WAS SET OR TIED.
MM INDICATES DATA IS MISSING.
T  INDICATES TRACE AMOUNT.




$$
