000
CDUS42 KMLB 252032
CLIDAB


CLIMATE REPORT
NATIONAL WEATHER SERVICE MELBOURNE FL
431 PM EDT SAT APR 25 2015


...................................

...THE DAYTONA BEACH CLIMATE SUMMARY FOR APRIL 25 2015...
VALID TODAY AS OF 400 PM LOCAL TIME.

CLIMATE NORMAL PERIOD 1981 TO 2010
CLIMATE RECORD PERIOD 1923 TO 2015


WEATHER ITEM   OBSERVED TIME   RECORD YEAR NORMAL DEPARTURE LAST
                VALUE   (LST)  VALUE       VALUE  FROM      YEAR
                                                  NORMAL
..................................................................
TEMPERATURE (F)
 TODAY
  MAXIMUM         87    251 PM  93    1945  81      6       87
  MINIMUM         68    555 AM  45    2005  60      8       64
                                      1986
  AVERAGE         78                        71      7       76

PRECIPITATION (IN)
  TODAY            0.00          1.04 1979   0.06  -0.06     0.00
  MONTH TO DATE    5.17                      1.91   3.26     2.23
  SINCE MAR 1      6.03                      6.15  -0.12     6.95
  SINCE JAN 1     11.46                     11.67  -0.21    13.53

SNOWFALL (IN)
  TODAY            0.0
  MONTH TO DATE    0.0
  SINCE JUL 1      0.0

DEGREE DAYS
 HEATING
  TODAY            0                         0      0        0
  MONTH TO DATE    0                        27    -27        9
  SINCE MAR 1     35                       124    -89       89
  SINCE JUL 1    682                       806   -124      602

 COOLING
  TODAY           13                         6      7       11
  MONTH TO DATE  260                       113    147      131
  SINCE MAR 1    450                       190    260      190
  SINCE JAN 1    490                       255    235      274
..................................................................


WIND (MPH)
  HIGHEST WIND SPEED    18   HIGHEST WIND DIRECTION    SW (230)
  HIGHEST GUST SPEED    23   HIGHEST GUST DIRECTION    SW (210)
  AVERAGE WIND SPEED     6.4


SKY COVER
  AVERAGE SKY COVER 0.5


WEATHER CONDITIONS
 THE FOLLOWING WEATHER WAS RECORDED TODAY.
  HAZE


RELATIVE HUMIDITY (PERCENT)
 HIGHEST    93           200 AM
 LOWEST     57           300 PM
 AVERAGE    75

..........................................................


THE DAYTONA BEACH CLIMATE NORMALS FOR TOMORROW
                         NORMAL    RECORD    YEAR
 MAXIMUM TEMPERATURE (F)   81        93      1967
 MINIMUM TEMPERATURE (F)   60        49      1986
                                             1983


SUNRISE AND SUNSET
APRIL 25 2015.........SUNRISE   648 AM EDT   SUNSET   757 PM EDT
APRIL 26 2015.........SUNRISE   647 AM EDT   SUNSET   757 PM EDT


-  INDICATES NEGATIVE NUMBERS.
R  INDICATES RECORD WAS SET OR TIED.
MM INDICATES DATA IS MISSING.
T  INDICATES TRACE AMOUNT.

&&

DAYTONA BEACH SURF TEMPERATURE 71

$$
