000
CDUS44 KSHV 272155
CLIDEQ


CLIMATE REPORT
NATIONAL WEATHER SERVICE SHREVEPORT, LA
431 PM CDT MON APR 27 2015


...................................

...THE DE QUEEN CLIMATE SUMMARY FOR APRIL 27 2015...
VALID TODAY AS OF 0400 PM LOCAL TIME.

CLIMATE NORMAL PERIOD 1981 TO 2010
CLIMATE RECORD PERIOD 1902 TO 2015


WEATHER ITEM   OBSERVED TIME   RECORD YEAR NORMAL DEPARTURE LAST
                VALUE   (LST)  VALUE       VALUE  FROM      YEAR
                                                  NORMAL
..................................................................
TEMPERATURE (F)
 TODAY
  MAXIMUM         67    259 PM  90    1987  77    -10       81
  MINIMUM         54    551 AM  36    1904  52      2       71
  AVERAGE         61                        64     -3       76

PRECIPITATION (IN)
  TODAY            T             2.90 1998   0.17  -0.17      T
  MONTH TO DATE    2.30                      3.39  -1.09     3.31
  SINCE DEC 1     17.59                     19.39  -1.80    10.33
  SINCE JAN 1     15.87                     15.03   0.84     8.40

SNOWFALL (IN)
  TODAY            0.0
  MONTH TO DATE    0.0
  SINCE MAR 1      2.6
  SINCE JUL 1      7.9
  SNOW DEPTH       0

DEGREE DAYS
 HEATING
  TODAY            4                         3      1        0
  MONTH TO DATE   79                       147    -68      162
  SINCE MAR 1    426                       524    -98      623
  SINCE JUL 1   3078                      3015     63     3395

 COOLING
  TODAY            0                         2     -2       11
  MONTH TO DATE   46                        32     14       34
  SINCE MAR 1     48                        41      7       35
  SINCE JAN 1     48                        43      5       35
..................................................................


WIND (MPH)
  HIGHEST WIND SPEED    26   HIGHEST WIND DIRECTION     E (100)
  HIGHEST GUST SPEED    38   HIGHEST GUST DIRECTION     E (70)
  AVERAGE WIND SPEED    15.1


SKY COVER
  POSSIBLE SUNSHINE  MM
  AVERAGE SKY COVER 0.5


WEATHER CONDITIONS
 THE FOLLOWING WEATHER WAS RECORDED TODAY.
  THUNDERSTORM
  HEAVY RAIN
  RAIN
  LIGHT RAIN
  FOG


RELATIVE HUMIDITY (PERCENT)
 HIGHEST    93           100 AM
 LOWEST     48           300 PM
 AVERAGE    71

..........................................................


THE DE QUEEN CLIMATE NORMALS FOR TOMORROW
                         NORMAL    RECORD    YEAR
 MAXIMUM TEMPERATURE (F)   77        94      1987
 MINIMUM TEMPERATURE (F)   53        32      1904


SUNRISE AND SUNSET
APRIL 27 2015.........SUNRISE   633 AM CDT   SUNSET   758 PM CDT
APRIL 28 2015.........SUNRISE   632 AM CDT   SUNSET   759 PM CDT


-  INDICATES NEGATIVE NUMBERS.
R  INDICATES RECORD WAS SET OR TIED.
MM INDICATES DATA IS MISSING.
T  INDICATES TRACE AMOUNT.




$$
