000
CDUS45 KCYS 190729
CLIDGW


CLIMATE REPORT
NATIONAL WEATHER SERVICE CHEYENNE WY
128 AM MDT SUN APR 19 2015


...................................

...THE DOUGLAS WY AIRPORT CLIMATE SUMMARY FOR APRIL 18 2015...

CLIMATE NORMAL PERIOD 1981 TO 2010
CLIMATE RECORD PERIOD 1998 TO 2015


WEATHER ITEM   OBSERVED TIME   RECORD YEAR NORMAL DEPARTURE LAST
                VALUE   (LST)  VALUE       VALUE  FROM      YEAR
                                                  NORMAL
..................................................................
TEMPERATURE (F)
 YESTERDAY
  MAXIMUM         44    606 PM  80    2001  58    -14       75
  MINIMUM         35    421 PM  15    2013  30      5       36
  AVERAGE         40                        44     -4       56

PRECIPITATION (IN)
  YESTERDAY        0.98R         0.24 2011   0.06   0.92     0.00
  MONTH TO DATE    2.36                      0.77   1.59     0.72
  SINCE JAN 1      3.74                      2.41   1.33     2.96

DEGREE DAYS
 HEATING
  YESTERDAY       25                        21      4        9
  MONTH TO DATE  405                       413     -8      416
  SINCE MAR 1   1161                      1331   -170     1308
  SINCE JUL 1   6164                      6731   -567     6898

 COOLING
  YESTERDAY        0                         0      0        0
  MONTH TO DATE    0                         0      0        0
  SINCE MAR 1      1                         0      1        0
  SINCE JAN 1      1                         0      1        0
..................................................................


WIND (MPH)
  HIGHEST WIND SPEED    26   HIGHEST WIND DIRECTION     N (340)
  HIGHEST GUST SPEED    35   HIGHEST GUST DIRECTION     N (350)
  AVERAGE WIND SPEED    10.4


SKY COVER
  AVERAGE SKY COVER 1.0


WEATHER CONDITIONS
 THE FOLLOWING WEATHER WAS RECORDED YESTERDAY.
  HEAVY RAIN
  RAIN
  LIGHT RAIN
  FOG


RELATIVE HUMIDITY (PERCENT)
 HIGHEST   100          1200 AM
 LOWEST     79          1100 PM
 AVERAGE    90

..........................................................


THE DOUGLAS WY AIRPORT CLIMATE NORMALS FOR TODAY
                         NORMAL    RECORD    YEAR
 MAXIMUM TEMPERATURE (F)   59        78      2008
 MINIMUM TEMPERATURE (F)   30        16      2013


SUNRISE AND SUNSET
APRIL 19 2015.........SUNRISE   614 AM MDT   SUNSET   748 PM MDT
APRIL 20 2015.........SUNRISE   612 AM MDT   SUNSET   749 PM MDT


-  INDICATES NEGATIVE NUMBERS.
R  INDICATES RECORD WAS SET OR TIED.
MM INDICATES DATA IS MISSING.
T  INDICATES TRACE AMOUNT.




$$
