000
CDUS44 KTAE 270637
CLIDHN


CLIMATE REPORT
NATIONAL WEATHER SERVICE TALLAHASSEE FL
236 AM EDT MON APR 27 2015


...................................

...THE DOTHAN CLIMATE SUMMARY FOR APRIL 26 2015...

CLIMATE NORMAL PERIOD 1981 TO 2010
CLIMATE RECORD PERIOD 1965 TO 2015


WEATHER ITEM   OBSERVED TIME   NORMAL DEPARTURE LAST
                VALUE   (LST)  VALUE  FROM      YEAR
                                      NORMAL
......................................................
TEMPERATURE (F)
 YESTERDAY
  MAXIMUM         87    327 PM  81      6       85
  MINIMUM         65    544 AM  56      9       58
  AVERAGE         76            69      7       72

PRECIPITATION (IN)
  YESTERDAY        0.00          0.09  -0.09     0.00
  MONTH TO DATE    7.40          3.23   4.17     8.42
  SINCE MAR 1     11.71          9.11   2.60    13.72
  SINCE JAN 1     18.38         18.51  -0.13    21.45

SNOWFALL (IN)
  YESTERDAY        0.0

DEGREE DAYS
 HEATING
  YESTERDAY        0             1     -1        0
  MONTH TO DATE    5            66    -61       72
  SINCE MAR 1    133           277   -144      338
  SINCE JUL 1   1820          1836    -16     2003

 COOLING
  YESTERDAY       11             5      6        7
  MONTH TO DATE  158            69     89       66
  SINCE MAR 1    237            90    147       68
  SINCE JAN 1    241           100    141       77
......................................................


WIND (MPH)
  HIGHEST WIND SPEED    17   HIGHEST WIND DIRECTION     W (260)
  HIGHEST GUST SPEED    22   HIGHEST GUST DIRECTION     W (290)
  AVERAGE WIND SPEED     8.2








-  INDICATES NEGATIVE NUMBERS.
R  INDICATES RECORD WAS SET OR TIED.
MM INDICATES DATA IS MISSING.
T  INDICATES TRACE AMOUNT.




$$
