000
CDUS44 KAMA 060638
CLIDHT


CLIMATE REPORT
NATIONAL WEATHER SERVICE AMARILLO TX
135 AM CDT WED MAY 6 2015


...................................

...THE DALHART CLIMATE SUMMARY FOR MAY 5 2015...

CLIMATE NORMAL PERIOD 1981 TO 2010
CLIMATE RECORD PERIOD 1894 TO 2015


WEATHER ITEM   OBSERVED TIME   RECORD YEAR NORMAL DEPARTURE LAST
                VALUE   (LST)  VALUE       VALUE  FROM      YEAR
                                                  NORMAL
..................................................................
TEMPERATURE (F)
 YESTERDAY
  MAXIMUM         69    321 PM  96    2012  75     -6       95
  MINIMUM         51   1059 PM  35    2013  45      6       52
                                      1990
  AVERAGE         60                        60      0       74

PRECIPITATION (IN)
  YESTERDAY        0.19          1.96 1949   0.06   0.13     0.00
  MONTH TO DATE    0.31                      0.28   0.03     0.01
  SINCE MAR 1      1.69                      2.53  -0.84     0.21
  SINCE JAN 1      5.00                      3.45   1.55     0.30

SNOWFALL (IN)
  YESTERDAY        0.0           T    1949   0.0    0.0      0.0
  MONTH TO DATE    0.0                       0.1   -0.1      0.0
  SINCE MAR 1      0.8                       5.5   -4.7      2.1
  SINCE JUL 1     34.1                      19.0   15.1     17.4
  SNOW DEPTH       0

DEGREE DAYS
 HEATING
  YESTERDAY        5                         6     -1        0
  MONTH TO DATE    5                        33    -28       27
  SINCE MAR 1    739                       992   -253      934
  SINCE JUL 1   4032                      4635   -603     4528

 COOLING
  YESTERDAY        0                         1     -1        9
  MONTH TO DATE   10                         5      5       18
  SINCE MAR 1     11                        11      0       34
  SINCE JAN 1     11                        11      0       34
..................................................................


WIND (MPH)
  RESULTANT WIND SPEED   7   RESULTANT WIND DIRECTION   S (170)
  HIGHEST WIND SPEED    33   HIGHEST WIND DIRECTION     S (190)
  HIGHEST GUST SPEED    42   HIGHEST GUST DIRECTION     S (190)
  AVERAGE WIND SPEED    10.3


SKY COVER
  AVERAGE SKY COVER 0.7


WEATHER CONDITIONS
 THE FOLLOWING WEATHER WAS RECORDED YESTERDAY.
  THUNDERSTORM
  RAIN
  LIGHT RAIN
  FOG


RELATIVE HUMIDITY (PERCENT)
 HIGHEST   100           800 AM
 LOWEST     63           200 PM
 AVERAGE    82

..........................................................


THE DALHART CLIMATE NORMALS FOR TODAY
                         NORMAL    RECORD    YEAR
 MAXIMUM TEMPERATURE (F)   75        94      2000
 MINIMUM TEMPERATURE (F)   45        32      1953


SUNRISE AND SUNSET
MAY  6 2015...........SUNRISE   653 AM CDT   SUNSET   841 PM CDT
MAY  7 2015...........SUNRISE   652 AM CDT   SUNSET   842 PM CDT


-  INDICATES NEGATIVE NUMBERS.
R  INDICATES RECORD WAS SET OR TIED.
MM INDICATES DATA IS MISSING.
T  INDICATES TRACE AMOUNT.




$$
