000
CDUS43 KBIS 210041
CLIDIK


CLIMATE REPORT
NATIONAL WEATHER SERVICE BISMARCK ND
741 PM CDT MON APR 20 2015


...................................

...THE DICKINSON ND CLIMATE SUMMARY FOR APRIL 20 2015...
VALID TODAY AS OF 0700 PM LOCAL TIME.

CLIMATE NORMAL PERIOD 1981 TO 2010
CLIMATE RECORD PERIOD 1903 TO 2015


WEATHER ITEM   OBSERVED TIME   RECORD YEAR NORMAL DEPARTURE LAST
                VALUE   (LST)  VALUE       VALUE  FROM      YEAR
                                                  NORMAL
..................................................................
TEMPERATURE (F)
 TODAY
  MAXIMUM         53    200 PM  92    1980  58     -5       70
  MINIMUM         22        MM  11    2011  31     -9       33
  AVERAGE         38                        44     -6       52

PRECIPITATION (IN)
  TODAY            0.00          1.29 1971   0.05  -0.05     0.00
  MONTH TO DATE    0.63                      0.87  -0.24     0.04
  SINCE MAR 1      1.10                      1.56  -0.46     0.54
  SINCE JAN 1      1.37                      2.19  -0.82     0.71

DEGREE DAYS
 HEATING
  TODAY           27                        21      6       13
  MONTH TO DATE  437                       493    -56      587
  SINCE MAR 1   1265                      1579   -314     1783
  SINCE JUL 1   7380                      7873   -493     8425

 COOLING
  TODAY            0                         0      0        0
  MONTH TO DATE    0                         0      0        0
  SINCE MAR 1      0                         0      0        0
  SINCE JAN 1      0                         0      0        0
..................................................................


WIND (MPH)
  RESULTANT WIND SPEED  17   RESULTANT WIND DIRECTION  NW (320)
  HIGHEST WIND SPEED    29   HIGHEST WIND DIRECTION    NW (330)
  HIGHEST GUST SPEED    43   HIGHEST GUST DIRECTION    NW (320)
  AVERAGE WIND SPEED    17.7


SKY COVER
  POSSIBLE SUNSHINE  MM
  AVERAGE SKY COVER  MM


WEATHER CONDITIONS
 THE FOLLOWING WEATHER WAS RECORDED TODAY.
  NO SIGNIFICANT WEATHER WAS OBSERVED.


RELATIVE HUMIDITY (PERCENT)
 HIGHEST    MM          1200 AM
 LOWEST     MM          1200 AM
 AVERAGE    MM

..........................................................


THE DICKINSON ND CLIMATE NORMALS FOR TOMORROW
                         NORMAL    RECORD    YEAR
 MAXIMUM TEMPERATURE (F)   58        94      1980
 MINIMUM TEMPERATURE (F)   31        15      1909


SUNRISE AND SUNSET
APRIL 20 2015.........SUNRISE   555 AM MDT   SUNSET   746 PM MDT
APRIL 21 2015.........SUNRISE   553 AM MDT   SUNSET   747 PM MDT


-  INDICATES NEGATIVE NUMBERS.
R  INDICATES RECORD WAS SET OR TIED.
MM INDICATES DATA IS MISSING.
T  INDICATES TRACE AMOUNT.




$$
