000
CDUS41 KLWX 280522
CLIDMH


CLIMATE REPORT
NATIONAL WEATHER SERVICE BALTIMORE MD/WASHINGTON DC
121 AM EDT TUE APR 28 2015


...................................

...THE BALTIMORE INNER HARBOR MD CLIMATE SUMMARY FOR APRIL 27 2015...

CLIMATE NORMAL PERIOD 1981 TO 2010
CLIMATE RECORD PERIOD 9999 TO 9999


WEATHER ITEM   OBSERVED TIME   RECORD YEAR NORMAL DEPARTURE LAST
                VALUE   (LST)  VALUE       VALUE  FROM      YEAR
                                                  NORMAL
..................................................................
TEMPERATURE (F)
 YESTERDAY
  MAXIMUM         59        MM  MM      MM  70    -11       66
  MINIMUM         50        MM  MM      MM  51     -1       49
  AVERAGE         55                        60     -5       58

PRECIPITATION (IN)
  YESTERDAY        0.00         MM      MM   0.10  -0.10     0.00
  MONTH TO DATE    2.95                      2.91   0.04     3.63
  SINCE MAR 1      7.39                      6.77   0.62     7.83
  SINCE JAN 1     13.21                     12.29   0.92    14.16

DEGREE DAYS
 HEATING
  YESTERDAY       10                         6      4        7
  MONTH TO DATE  220                       261    -41      253
  SINCE MAR 1    829                       840    -11      987
  SINCE JUL 1   4343                      3928    415     4057

 COOLING
  YESTERDAY        0                         1     -1        0
  MONTH TO DATE    8                        20    -12       14
  SINCE MAR 1      8                        21    -13       14
  SINCE JAN 1      8                        21    -13       14
..................................................................


WIND (MPH)
  HIGHEST WIND SPEED    MM   HIGHEST WIND DIRECTION    MM
  HIGHEST GUST SPEED    MM   HIGHEST GUST DIRECTION    MM
  AVERAGE WIND SPEED    MM


SKY COVER
  POSSIBLE SUNSHINE  MM



RELATIVE HUMIDITY (PERCENT)
 HIGHEST    59           900 PM
 LOWEST     33           300 PM
 AVERAGE    46

..........................................................


THE BALTIMORE INNER HARBOR MD CLIMATE NORMALS FOR TODAY
                         NORMAL
 MAXIMUM TEMPERATURE (F)   70
 MINIMUM TEMPERATURE (F)   51


SUNRISE AND SUNSET
APRIL 28 2015.........SUNRISE   612 AM EDT   SUNSET   757 PM EDT
APRIL 29 2015.........SUNRISE   611 AM EDT   SUNSET   758 PM EDT


-  INDICATES NEGATIVE NUMBERS.
R  INDICATES RECORD WAS SET OR TIED.
MM INDICATES DATA IS MISSING.
T  INDICATES TRACE AMOUNT.




$$
