000
CDUS43 KEAX 061251
CLIDMO


CLIMATE REPORT
NATIONAL WEATHER SERVICE KANSAS CITY/PLEASANT HILL MO
750 AM CDT WED MAY 6 2015


...................................

...THE SEDALIA MO CLIMATE SUMMARY FOR MAY 6 2015...
VALID AS OF 0700 AM LOCAL TIME.

CLIMATE NORMAL PERIOD 1981 TO 2010
CLIMATE RECORD PERIOD 9999 TO 9999


WEATHER ITEM   OBSERVED TIME   NORMAL DEPARTURE LAST
                VALUE   (LST)  VALUE  FROM      YEAR
                                      NORMAL
......................................................
TEMPERATURE (F)
 TODAY
  MAXIMUM         67   1200 AM  73     -6       90
  MINIMUM         61    529 AM  53      8       57
  AVERAGE         64            63      1       74

PRECIPITATION (IN)
  TODAY            0.00          0.17  -0.17     0.00
  MONTH TO DATE    0.09          1.01  -0.92     0.00
  SINCE MAR 1      5.04          7.87  -2.83     7.77
  SINCE JAN 1      7.12         11.47  -4.35     8.71

DEGREE DAYS
 HEATING
  TODAY            1             4     -3        0
  MONTH TO DATE   10            27    -17       26
  SINCE MAR 1    737           892   -155     1007
  SINCE JUL 1   4585          4509     76     5226

 COOLING
  TODAY            0             2     -2        9
  MONTH TO DATE   21             9     12       24
  SINCE MAR 1     38            43     -5       38
  SINCE JAN 1     38            43     -5       38
......................................................


WIND (MPH)
  HIGHEST WIND SPEED    10   HIGHEST WIND DIRECTION    SE (130)
  HIGHEST GUST SPEED    15   HIGHEST GUST DIRECTION    SE (140)
  AVERAGE WIND SPEED     8.2


SKY COVER
  AVERAGE SKY COVER 0.2


WEATHER CONDITIONS
 THE FOLLOWING WEATHER WAS RECORDED TODAY.
  NO SIGNIFICANT WEATHER WAS OBSERVED.


RELATIVE HUMIDITY (PERCENT)
 HIGHEST    78           300 AM
 LOWEST     68          1200 AM
 AVERAGE    73

..........................................................


THE SEDALIA MO CLIMATE NORMALS FOR TOMORROW
                         NORMAL
 MAXIMUM TEMPERATURE (F)   73
 MINIMUM TEMPERATURE (F)   53


SUNRISE AND SUNSET
MAY  6 2015...........SUNRISE   609 AM CDT   SUNSET   809 PM CDT
MAY  7 2015...........SUNRISE   608 AM CDT   SUNSET   810 PM CDT


-  INDICATES NEGATIVE NUMBERS.
R  INDICATES RECORD WAS SET OR TIED.
MM INDICATES DATA IS MISSING.
T  INDICATES TRACE AMOUNT.




$$
