000
CDUS45 KTWC 180027
CLIDUG

CLIMATE REPORT
NATIONAL WEATHER SERVICE TUCSON AZ
526 PM MST FRI APR 17 2015


...................................

...THE DOUGLAS AZ CLIMATE SUMMARY FOR APRIL 17 2015...
VALID TODAY AS OF 0500 PM LOCAL TIME.

CLIMATE NORMAL PERIOD 1981 TO 2010
CLIMATE RECORD PERIOD 1948 TO 2015


WEATHER ITEM   OBSERVED TIME   RECORD YEAR NORMAL DEPARTURE LAST
                VALUE   (LST)  VALUE       VALUE  FROM      YEAR
                                                  NORMAL
..................................................................
TEMPERATURE (F)
 TODAY
  MAXIMUM         71    438 PM  92    1962  80     -9       83
  MINIMUM         30    518 AM  28    1976  43    -13       48
  AVERAGE         51                        62    -11       66

PRECIPITATION (IN)
  TODAY            0.00                      0.00   0.00     0.00
  MONTH TO DATE    0.35                      0.12   0.23     0.00
  SINCE OCT 1      4.75                      4.56   0.19     1.26
  SINCE JAN 1      2.78                      2.01   0.77     0.44

DEGREE DAYS
 HEATING
  TODAY           14                         4     10        0
  MONTH TO DATE   76                       100    -24       88
  SINCE MAR 1    314                       425   -111      338
  SINCE JUL 1   2152                      2461   -309     2302

 COOLING
  TODAY            0                         1     -1        1
  MONTH TO DATE    0                         5     -5        7
  SINCE MAR 1      4                         6     -2        7
  SINCE JAN 1      4                         6     -2        7
..................................................................


WIND (MPH)
  HIGHEST WIND SPEED    20   HIGHEST WIND DIRECTION     N (340)
  HIGHEST GUST SPEED    25   HIGHEST GUST DIRECTION    NW (310)
  AVERAGE WIND SPEED     5.3


SKY COVER
  POSSIBLE SUNSHINE  MM
  AVERAGE SKY COVER 0.0


WEATHER CONDITIONS
 THE FOLLOWING WEATHER WAS RECORDED TODAY.
  NO SIGNIFICANT WEATHER WAS OBSERVED.


RELATIVE HUMIDITY (PERCENT)
 HIGHEST    49
 LOWEST     10
 AVERAGE    30

..........................................................


THE DOUGLAS AZ CLIMATE NORMALS FOR TOMORROW
                         NORMAL    RECORD    YEAR
 MAXIMUM TEMPERATURE (F)   80        93      1989
 MINIMUM TEMPERATURE (F)   44        26      1976


SUNRISE AND SUNSET
APRIL 17 2015.........SUNRISE   548 AM MST   SUNSET   648 PM MST
APRIL 18 2015.........SUNRISE   547 AM MST   SUNSET   649 PM MST


-  INDICATES NEGATIVE NUMBERS.
R  INDICATES RECORD WAS SET OR TIED.
MM INDICATES DATA IS MISSING.
T  INDICATES TRACE AMOUNT.




$$
