000
CDUS43 KTOP 270634
CLIEMP


CLIMATE REPORT
NATIONAL WEATHER SERVICE TOPEKA KS
133 AM CDT MON APR 27 2015


...................................

...THE EMPORIA KS CLIMATE SUMMARY FOR APRIL 26 2015...

CLIMATE NORMAL PERIOD 1981 TO 2010
CLIMATE RECORD PERIOD 9999 TO 9999


WEATHER ITEM   OBSERVED NORMAL DEPARTURE LAST
                VALUE   VALUE  FROM      YEAR
                               NORMAL
...............................................
TEMPERATURE (F)
 YESTERDAY
  MAXIMUM         58     71    -13       82
  MINIMUM         48     48      0       57
  AVERAGE         53     59     -6       70

PRECIPITATION (IN)
  YESTERDAY        0.00   0.15  -0.15     0.00
  MONTH TO DATE    4.31   2.72   1.59     1.03
  SINCE MAR 1      4.89   5.25  -0.36     1.44
  SINCE JAN 1      6.29   7.11  -0.82     1.93

DEGREE DAYS
 HEATING
  YESTERDAY       12      7      5        0
  MONTH TO DATE  202    274    -72      268
  SINCE MAR 1    733    884   -151     1007
  SINCE JUL 1   4734   4706     28     5332

 COOLING
  YESTERDAY        0      1     -1        5
  MONTH TO DATE    5     20    -15       15
  SINCE MAR 1      6     22    -16       15
  SINCE JAN 1      6     22    -16       15
...............................................


WIND (MPH)
  HIGHEST WIND SPEED    21   HIGHEST WIND DIRECTION    NE (50)
  HIGHEST GUST SPEED    25   HIGHEST GUST DIRECTION    NE (50)
  AVERAGE WIND SPEED    12.3


SKY COVER
  AVERAGE SKY COVER 0.7


WEATHER CONDITIONS
 THE FOLLOWING WEATHER WAS RECORDED YESTERDAY.
  FOG


RELATIVE HUMIDITY (PERCENT)
 HIGHEST   100
 LOWEST     62
 AVERAGE    81

..........................................................


THE EMPORIA KS CLIMATE NORMALS FOR TODAY
                         NORMAL
 MAXIMUM TEMPERATURE (F)   71
 MINIMUM TEMPERATURE (F)   48


SUNRISE AND SUNSET
APRIL 27 2015.........SUNRISE   633 AM CDT   SUNSET   812 PM CDT
APRIL 28 2015.........SUNRISE   632 AM CDT   SUNSET   813 PM CDT


-  INDICATES NEGATIVE NUMBERS.
R  INDICATES RECORD WAS SET OR TIED.
MM INDICATES DATA IS MISSING.
T  INDICATES TRACE AMOUNT.




$$
