000
CDUS46 KOTX 210829
CLIEPH


CLIMATE REPORT
NATIONAL WEATHER SERVICE SPOKANE, WA
129 AM PDT TUE APR 21 2015


...................................

...THE EPHRATA WA AIRPORT CLIMATE SUMMARY FOR APRIL 20 2015...

CLIMATE NORMAL PERIOD 1981 TO 2010
CLIMATE RECORD PERIOD 9999 TO 9999


WEATHER ITEM   OBSERVED TIME   RECORD YEAR NORMAL DEPARTURE LAST
                VALUE   (LST)  VALUE       VALUE  FROM      YEAR
                                                  NORMAL
..................................................................
TEMPERATURE (F)
 YESTERDAY
  MAXIMUM         77    445 PM  82    1956  64     13       64
  MINIMUM         42    458 AM  23    1982  39      3       33
  AVERAGE         60                        51      9       49

PRECIPITATION (IN)
  YESTERDAY        0.00          0.31 1980   0.01  -0.01     0.00
  MONTH TO DATE    0.50                      0.34   0.16     0.09
  SINCE OCT 1      5.60                      5.50   0.10     2.60
  SINCE JAN 1      2.81                      2.67   0.14     1.85

SNOWFALL (IN)
  YESTERDAY       MM

DEGREE DAYS
 HEATING
  YESTERDAY        5                        14     -9       16
  MONTH TO DATE  297                       316    -19      258
  SINCE MAR 1    801                      1000   -199      920
  SINCE JUL 1   4495                      5573  -1078     5502

 COOLING
  YESTERDAY        0                         0      0        0
  MONTH TO DATE    0                         0      0        0
  SINCE MAR 1      0                         0      0        0
  SINCE JAN 1      0                         0      0        0
..................................................................


WIND (MPH)
  HIGHEST WIND SPEED    13   HIGHEST WIND DIRECTION     S (180)
  HIGHEST GUST SPEED    16   HIGHEST GUST DIRECTION    SW (220)
  AVERAGE WIND SPEED     4.8


SKY COVER
  POSSIBLE SUNSHINE  MM
  AVERAGE SKY COVER 0.0


WEATHER CONDITIONS
 THE FOLLOWING WEATHER WAS RECORDED YESTERDAY.
  HAZE


RELATIVE HUMIDITY (PERCENT)
 HIGHEST    70           400 AM
 LOWEST     18           400 PM
 AVERAGE    44

..........................................................


THE EPHRATA WA AIRPORT CLIMATE NORMALS FOR TODAY
                         NORMAL    RECORD    YEAR
 MAXIMUM TEMPERATURE (F)   64        86      1956
 MINIMUM TEMPERATURE (F)   39        24      1985


SUNRISE AND SUNSET
APRIL 21 2015.........SUNRISE   559 AM PDT   SUNSET   755 PM PDT
APRIL 22 2015.........SUNRISE   557 AM PDT   SUNSET   757 PM PDT


-  INDICATES NEGATIVE NUMBERS.
R  INDICATES RECORD WAS SET OR TIED.
MM INDICATES DATA IS MISSING.
T  INDICATES TRACE AMOUNT.




$$
