000
CDUS41 KCLE 190527
CLIERI


CLIMATE REPORT
NATIONAL WEATHER SERVICE CLEVELAND OH
126 AM EDT SUN APR 19 2015


...................................

...THE ERIE PA CLIMATE SUMMARY FOR APRIL 18 2015...

CLIMATE NORMAL PERIOD 1981 TO 2010
CLIMATE RECORD PERIOD 1873 TO 2015


WEATHER ITEM   OBSERVED TIME   RECORD YEAR NORMAL DEPARTURE LAST
                VALUE   (LST)  VALUE       VALUE  FROM      YEAR
                                                  NORMAL
..................................................................
TEMPERATURE (F)
 YESTERDAY
  MAXIMUM         68    208 PM  85    2013  57     11       61
  MINIMUM         49   1159 PM  14    1875  39     10       44
  AVERAGE         59                        48     11       53

PRECIPITATION (IN)
  YESTERDAY        0.00                      0.11  -0.11     0.00
  MONTH TO DATE    2.26                      2.08   0.18     2.45
  SINCE MAR 1      4.26                      5.03  -0.77     5.62
  SINCE JAN 1     10.02                     10.37  -0.35    11.53

SNOWFALL (IN)
  YESTERDAY        0.0                       0.0    0.0      0.0
  MONTH TO DATE    0.0                       2.9   -2.9      1.2
  SINCE MAR 1     10.9                      16.6   -5.7     18.8
  SINCE JUL 1    110.3                     100.6    9.7    138.4
  SNOW DEPTH       0

DEGREE DAYS
 HEATING
  YESTERDAY        6                        17    -11       12
  MONTH TO DATE  281                       364    -83      346
  SINCE MAR 1   1327                      1275     52     1485
  SINCE JUL 1   6203                      5640    563     6306

 COOLING
  YESTERDAY        0                         0      0        0
  MONTH TO DATE    0                         0      0        0
  SINCE MAR 1      0                         1     -1        0
  SINCE JAN 1      0                         1     -1        0
..................................................................


WIND (MPH)
  HIGHEST WIND SPEED    18   HIGHEST WIND DIRECTION    NE (60)
  HIGHEST GUST SPEED    23   HIGHEST GUST DIRECTION     E (70)
  AVERAGE WIND SPEED     9.3


SKY COVER
  POSSIBLE SUNSHINE  MM
  AVERAGE SKY COVER 0.0


WEATHER CONDITIONS
 THE FOLLOWING WEATHER WAS RECORDED YESTERDAY.
  NO SIGNIFICANT WEATHER WAS OBSERVED.


RELATIVE HUMIDITY (PERCENT)
 HIGHEST    74          1200 AM
 LOWEST     26           700 PM
 AVERAGE    50

..........................................................


THE ERIE PA CLIMATE NORMALS FOR TODAY
                         NORMAL    RECORD    YEAR
 MAXIMUM TEMPERATURE (F)   58        84      2008
 MINIMUM TEMPERATURE (F)   39        23      1904
                                             1897
                                             1875


SUNRISE AND SUNSET
APRIL 19 2015.........SUNRISE   634 AM EDT   SUNSET   806 PM EDT
APRIL 20 2015.........SUNRISE   633 AM EDT   SUNSET   807 PM EDT


-  INDICATES NEGATIVE NUMBERS.
R  INDICATES RECORD WAS SET OR TIED.
MM INDICATES DATA IS MISSING.
T  INDICATES TRACE AMOUNT.




$$
