000
CDUS45 KSLC 271211
CLIEVW


CLIMATE REPORT
NATIONAL WEATHER SERVICE SALT LAKE CITY UT
611 AM MDT MON APR 27 2015


...................................

...THE EVANSTON WY CLIMATE SUMMARY FOR APRIL 26 2015...

CLIMATE NORMAL PERIOD 1981 TO 2010
CLIMATE RECORD PERIOD 9999 TO 9999


WEATHER ITEM   OBSERVED TIME   RECORD YEAR NORMAL DEPARTURE LAST
                VALUE   (LST)  VALUE       VALUE  FROM      YEAR
                                                  NORMAL
..................................................................
TEMPERATURE (F)
 YESTERDAY
  MAXIMUM         39    458 PM  MM      MM  53    -14       45
  MINIMUM         31    748 AM  MM      MM  32     -1       30
  AVERAGE         35                        42     -7       38

PRECIPITATION (IN)
  YESTERDAY        0.13         MM      MM   0.05   0.08    MM
  MONTH TO DATE    0.57                      0.94  -0.37     0.22
  SINCE OCT 1      2.90                      5.74  -2.84     1.53
  SINCE JAN 1      2.02                      2.95  -0.93     0.33

DEGREE DAYS
 HEATING
  YESTERDAY       30                        23      7       27
  MONTH TO DATE  627                       683    -56      619
  SINCE MAR 1   1394                      1743   -349     1571
  SINCE JUL 1   6366                      7751  -1385     7221

 COOLING
  YESTERDAY        0                         0      0        0
  MONTH TO DATE    0                         0      0        0
  SINCE MAR 1      0                         0      0        0
  SINCE JAN 1      0                         0      0        0
..................................................................


WIND (MPH)
  RESULTANT WIND SPEED   7   RESULTANT WIND DIRECTION  NW (300)
  HIGHEST WIND SPEED    17   HIGHEST WIND DIRECTION     N (340)
  HIGHEST GUST SPEED    20   HIGHEST GUST DIRECTION     N (350)
  AVERAGE WIND SPEED     8.4


SKY COVER
  POSSIBLE SUNSHINE  MM
  AVERAGE SKY COVER 1.0


WEATHER CONDITIONS
 THE FOLLOWING WEATHER WAS RECORDED YESTERDAY.
  SNOW
  LIGHT SNOW
  FOG
  FOG W/VISIBILITY <= 1/4 MILE


RELATIVE HUMIDITY (PERCENT)
 HIGHEST   100          1200 AM
 LOWEST     70           400 PM
 AVERAGE    85

..........................................................


THE EVANSTON WY CLIMATE NORMALS FOR TODAY
                         NORMAL    RECORD    YEAR
 MAXIMUM TEMPERATURE (F)   54        MM        MM
 MINIMUM TEMPERATURE (F)   32        MM        MM


SUNRISE AND SUNSET
APRIL 27 2015.........SUNRISE   627 AM MDT   SUNSET   817 PM MDT
APRIL 28 2015.........SUNRISE   626 AM MDT   SUNSET   818 PM MDT


-  INDICATES NEGATIVE NUMBERS.
R  INDICATES RECORD WAS SET OR TIED.
MM INDICATES DATA IS MISSING.
T  INDICATES TRACE AMOUNT.




$$
