000
CDUS42 KMHX 280530
CLIEWN


CLIMATE REPORT
NATIONAL WEATHER SERVICE NEWPORT/MOREHEAD CITY NC
130 AM EDT TUE APR 28 2015


...................................

...THE NEW BERN NC CLIMATE SUMMARY FOR APRIL 27 2015...

CLIMATE NORMAL PERIOD 1981 TO 2010
CLIMATE RECORD PERIOD 1948 TO 2015


WEATHER ITEM   OBSERVED TIME   RECORD YEAR NORMAL DEPARTURE LAST
                VALUE   (LST)  VALUE       VALUE  FROM      YEAR
                                                  NORMAL
..................................................................
TEMPERATURE (F)
 YESTERDAY
  MAXIMUM         72    318 PM  94    1990  76     -4       81
  MINIMUM         46    523 AM  36    1963  53     -7       57
  AVERAGE         59                        65     -6       69

PRECIPITATION (IN)
  YESTERDAY        0.00          1.45 1973   0.11  -0.11     0.00
  MONTH TO DATE    2.03                      2.86  -0.83     3.91
  SINCE MAR 1      5.59                      7.25  -1.66     8.51
  SINCE JAN 1     13.96                     14.93  -0.97    15.04

SNOWFALL (IN)
  YESTERDAY        0.0
  MONTH TO DATE    0.0
  SINCE NOV 1      3.0
  SINCE JUL 1      3.0
  SNOW DEPTH       0

DEGREE DAYS
 HEATING
  YESTERDAY        6                         3      3        0
  MONTH TO DATE   85                       144    -59      100
  SINCE MAR 1    437                       513    -76      558
  SINCE JUL 1   2680                      2659     21     2632

 COOLING
  YESTERDAY        0                         3     -3        4
  MONTH TO DATE   65                        48     17       52
  SINCE MAR 1     88                        59     29       55
  SINCE JAN 1     95                        62     33       60
..................................................................


WIND (MPH)
  HIGHEST WIND SPEED    15   HIGHEST WIND DIRECTION     W (290)
  HIGHEST GUST SPEED    21   HIGHEST GUST DIRECTION     N (340)
  AVERAGE WIND SPEED     6.8


SKY COVER
  POSSIBLE SUNSHINE  MM
  AVERAGE SKY COVER 0.4


WEATHER CONDITIONS
 THE FOLLOWING WEATHER WAS RECORDED YESTERDAY.
  NO SIGNIFICANT WEATHER WAS OBSERVED.


RELATIVE HUMIDITY (PERCENT)
 HIGHEST    93           500 AM
 LOWEST     28           500 PM
 AVERAGE    61

..........................................................


THE NEW BERN NC CLIMATE NORMALS FOR TODAY
                         NORMAL    RECORD    YEAR
 MAXIMUM TEMPERATURE (F)   76        92      1957
 MINIMUM TEMPERATURE (F)   53        37      1967


SUNRISE AND SUNSET
APRIL 28 2015.........SUNRISE   621 AM EDT   SUNSET   751 PM EDT
APRIL 29 2015.........SUNRISE   620 AM EDT   SUNSET   752 PM EDT


-  INDICATES NEGATIVE NUMBERS.
R  INDICATES RECORD WAS SET OR TIED.
MM INDICATES DATA IS MISSING.
T  INDICATES TRACE AMOUNT.




$$
