000
CDUS46 KHNX 190821
CLIFAT


CLIMATE REPORT
NATIONAL WEATHER SERVICE SAN JOAQUIN VALLEY, CA
121 AM PDT SUN APR 19 2015


...................................

...THE FRESNO CA CLIMATE SUMMARY FOR APRIL 18 2015...

CLIMATE NORMAL PERIOD 1981 TO 2010
CLIMATE RECORD PERIOD 1887 TO 2015


WEATHER ITEM   OBSERVED TIME   RECORD YEAR NORMAL DEPARTURE
                VALUE   (LST)  VALUE       VALUE  FROM
                                                  NORMAL
...............................................................
TEMPERATURE (F)
 YESTERDAY
  MAXIMUM         87    207 PM  95    1910  75     12
  MINIMUM         54    526 AM  36    1941  50      4
                                      1933
                                      1892
  AVERAGE         71                        62      9

PRECIPITATION (IN)
  YESTERDAY        0.00          1.22 1967   0.03  -0.03
  MONTH TO DATE    0.56                      0.63  -0.07
  SINCE OCT 1      5.15                     10.35  -5.20
  SINCE JAN 1      1.96                      6.88  -4.92

SNOWFALL (IN)
  YESTERDAY        0.0
  MONTH TO DATE    0.0
  SINCE MAR 1      0.0
  SINCE JUL 1      0.0
  SNOW DEPTH       0

DEGREE DAYS
 HEATING
  YESTERDAY        0                               -4
  MONTH TO DATE   77                              -24
  SINCE MAR 1    160                             -206
  SINCE JUL 1   1486                             -792

 COOLING
  YESTERDAY        6                                4
  MONTH TO DATE   17                               -2
  SINCE MAR 1     75                               51
  SINCE JAN 1     75                               51
...............................................................


WIND (MPH)
  HIGHEST WIND SPEED    15   HIGHEST WIND DIRECTION     W (280)
  HIGHEST GUST SPEED    23   HIGHEST GUST DIRECTION     W (290)
  AVERAGE WIND SPEED     4.5




RELATIVE HUMIDITY (PERCENT)
 HIGHEST    59
 LOWEST     14
 AVERAGE    37

..........................................................


THE FRESNO CA CLIMATE NORMALS FOR TODAY
                         NORMAL    RECORD    YEAR
 MAXIMUM TEMPERATURE (F)   76        93      2009
                                             1950
 MINIMUM TEMPERATURE (F)   50        35      1955


SUNRISE AND SUNSET
APRIL 19 2015.........SUNRISE   620 AM PDT   SUNSET   737 PM PDT
APRIL 20 2015.........SUNRISE   619 AM PDT   SUNSET   738 PM PDT


-  INDICATES NEGATIVE NUMBERS.
R  INDICATES RECORD WAS SET OR TIED.
MM INDICATES DATA IS MISSING.
T  INDICATES TRACE AMOUNT.




$$
