000
CDUS42 KFFC 180819
CLIFFC


CLIMATE REPORT
NATIONAL WEATHER SERVICE PEACHTREE CITY GA
417 AM EDT SAT APR 18 2015


...................................

...THE PEACHTREE CITY CLIMATE SUMMARY FOR APRIL 17 2015...

CLIMATE NORMAL PERIOD 1981 TO 2010
CLIMATE RECORD PERIOD 9999 TO 9999


WEATHER ITEM   OBSERVED TIME   RECORD YEAR NORMAL DEPARTURE LAST
                VALUE   (LST)  VALUE       VALUE  FROM      YEAR
                                                  NORMAL
..................................................................
TEMPERATURE (F)
 YESTERDAY
  MAXIMUM         63   1148 PM  MM      MM  74    -11       66
  MINIMUM         55    628 AM  MM      MM  47      8       41
  AVERAGE         59                        61     -2       54

PRECIPITATION (IN)
  YESTERDAY        0.80         MM      MM   0.12   0.68     0.00
  MONTH TO DATE    3.26                      2.35   0.91     3.32
  SINCE MAR 1      6.99                      7.46  -0.47     7.37
  SINCE JAN 1     14.17                     16.56  -2.39    13.71

SNOWFALL (IN)
  YESTERDAY       MM            MM      MM  MM     MM       MM
  MONTH TO DATE    0.0                      MM     MM        0.0
  SINCE MAR 1      0.0                      MM     MM        0.0
  SINCE JUL 1      T                        MM     MM        1.8
  SNOW DEPTH      MM

DEGREE DAYS
 HEATING
  YESTERDAY        6                         5      1       11
  MONTH TO DATE   39                       116    -77      104
  SINCE MAR 1    306                       486   -180      520
  SINCE JUL 1   2824                      2868    -44     3050

 COOLING
  YESTERDAY        0                         1     -1        0
  MONTH TO DATE   52                        11     41       10
  SINCE MAR 1     57                        16     41       10
  SINCE JAN 1     57                        16     41       10
..................................................................


WIND (MPH)
  RESULTANT WIND SPEED   3   RESULTANT WIND DIRECTION   E (90)
  HIGHEST WIND SPEED     8   HIGHEST WIND DIRECTION     E (90)
  HIGHEST GUST SPEED    11   HIGHEST GUST DIRECTION     E (90)
  AVERAGE WIND SPEED     3.3


SKY COVER
  POSSIBLE SUNSHINE  MM
  AVERAGE SKY COVER 1.0


WEATHER CONDITIONS
 THE FOLLOWING WEATHER WAS RECORDED YESTERDAY.
  RAIN
  LIGHT RAIN
  FOG


RELATIVE HUMIDITY (PERCENT)
 HIGHEST   100           400 AM
 LOWEST     90           100 PM
 AVERAGE    95

..........................................................


THE PEACHTREE CITY CLIMATE NORMALS FOR TODAY
                         NORMAL    RECORD    YEAR
 MAXIMUM TEMPERATURE (F)   75        MM        MM
 MINIMUM TEMPERATURE (F)   48        MM        MM


SUNRISE AND SUNSET
APRIL 18 2015.........SUNRISE   705 AM EDT   SUNSET   811 PM EDT
APRIL 19 2015.........SUNRISE   704 AM EDT   SUNSET   812 PM EDT


-  INDICATES NEGATIVE NUMBERS.
R  INDICATES RECORD WAS SET OR TIED.
MM INDICATES DATA IS MISSING.
T  INDICATES TRACE AMOUNT.




$$
