000
CDUS42 KILM 062047
CLIFLO


CLIMATE REPORT
NATIONAL WEATHER SERVICE WILMINGTON NC
447 PM EDT WED MAY 6 2015


...................................

...THE FLORENCE SC CLIMATE SUMMARY FOR MAY 6 2015...
VALID TODAY AS OF 0400 PM LOCAL TIME.

CLIMATE NORMAL PERIOD 1981 TO 2010
CLIMATE RECORD PERIOD 1948 TO 2015


WEATHER ITEM   OBSERVED TIME   RECORD YEAR NORMAL DEPARTURE LAST
                VALUE   (LST)  VALUE       VALUE  FROM      YEAR
                                                  NORMAL
..................................................................
TEMPERATURE (F)
 TODAY
  MAXIMUM         83    241 PM  97    1952  81      2       91
  MINIMUM         56    608 AM  45    2005  56      0       63
                                      1987
  AVERAGE         70                        68      2       77

PRECIPITATION (IN)
  TODAY            0.00          0.94 1984   0.09  -0.09     0.00
  MONTH TO DATE    T                         0.53  -0.53     0.02
  SINCE MAR 1      6.80                      6.48   0.32     9.04
  SINCE JAN 1     13.73                     12.63   1.10    14.76

DEGREE DAYS
 HEATING
  TODAY            0                         1     -1        0
  MONTH TO DATE    1                        10     -9        2
  SINCE MAR 1    306                       444   -138      533
  SINCE JUL 1   2544                      2510     34     2662

 COOLING
  TODAY            5                         5      0       12
  MONTH TO DATE   14                        26    -12       34
  SINCE MAR 1    128                       116     12      127
  SINCE JAN 1    131                       122      9      133
..................................................................


WIND (MPH)
  HIGHEST WIND SPEED    16   HIGHEST WIND DIRECTION     E (80)
  HIGHEST GUST SPEED    21   HIGHEST GUST DIRECTION     E (90)
  AVERAGE WIND SPEED     6.2


SKY COVER
  POSSIBLE SUNSHINE  MM
  AVERAGE SKY COVER 0.0


WEATHER CONDITIONS
 THE FOLLOWING WEATHER WAS RECORDED TODAY.
  NO SIGNIFICANT WEATHER WAS OBSERVED.


RELATIVE HUMIDITY (PERCENT)
 HIGHEST    87           100 AM
 LOWEST     26           300 PM
 AVERAGE    57

..........................................................


THE FLORENCE SC CLIMATE NORMALS FOR TOMORROW
                         NORMAL    RECORD    YEAR
 MAXIMUM TEMPERATURE (F)   81        97      1977
 MINIMUM TEMPERATURE (F)   57        41      1989


SUNRISE AND SUNSET
MAY  6 2015...........SUNRISE   625 AM EDT   SUNSET   807 PM EDT
MAY  7 2015...........SUNRISE   624 AM EDT   SUNSET   807 PM EDT


-  INDICATES NEGATIVE NUMBERS.
R  INDICATES RECORD WAS SET OR TIED.
MM INDICATES DATA IS MISSING.
T  INDICATES TRACE AMOUNT.




$$
