000
CDUS44 KTSA 062119
CLIFSM

CLIMATE REPORT
NATIONAL WEATHER SERVICE TULSA OK
418 PM CDT WED MAY 6 2015


...................................

...THE FORT SMITH ARKANSAS CLIMATE SUMMARY FOR MAY 6 2015...
VALID TODAY AS OF 0400 PM LOCAL TIME.

CLIMATE NORMAL PERIOD 1981 TO 2010
CLIMATE RECORD PERIOD 1882 TO 2015


WEATHER ITEM   OBSERVED TIME   RECORD YEAR NORMAL DEPARTURE LAST
                VALUE   (LST)  VALUE       VALUE  FROM      YEAR
                                                  NORMAL
..................................................................
TEMPERATURE (F)
 TODAY
  MAXIMUM         81    223 PM  91    2012  78      3       87
                                      2010
                                      1952
  MINIMUM         66    801 AM  40    1944  56     10       59
  AVERAGE         74                        67      7       73

PRECIPITATION (IN)
  TODAY            0.03          2.56 1899   0.18  -0.15     0.00
  MONTH TO DATE    0.03                      1.06  -1.03      T
  SINCE MAR 1      8.82                      9.21  -0.39     6.79
  SINCE JAN 1     13.43                     14.78  -1.35     8.56

DEGREE DAYS
 COOLING
  TODAY            9                         4      5        8
  MONTH TO DATE   30                        20     10       26
  SINCE MAR 1     98                        85     13       77
  SINCE JAN 1     98                        86     12       77
..................................................................


WIND (MPH)
  HIGHEST WIND SPEED    16   HIGHEST WIND DIRECTION    SE (140)
  HIGHEST GUST SPEED    22   HIGHEST GUST DIRECTION    SE (150)
  AVERAGE WIND SPEED     8.7


SKY COVER
  POSSIBLE SUNSHINE  MM
  AVERAGE SKY COVER 0.6


WEATHER CONDITIONS
 THE FOLLOWING WEATHER WAS RECORDED TODAY.
  LIGHT RAIN


RELATIVE HUMIDITY (PERCENT)
 HIGHEST    76           700 AM
 LOWEST     39           200 PM
 AVERAGE    58

..........................................................


THE FORT SMITH ARKANSAS CLIMATE NORMALS FOR TOMORROW
                         NORMAL    RECORD    YEAR
 MAXIMUM TEMPERATURE (F)   79        92      1962
                                             1883
 MINIMUM TEMPERATURE (F)   57        38      1989


SUNRISE AND SUNSET
MAY  6 2015...........SUNRISE   621 AM CDT   SUNSET   807 PM CDT
MAY  7 2015...........SUNRISE   620 AM CDT   SUNSET   808 PM CDT


-  INDICATES NEGATIVE NUMBERS.
R  INDICATES RECORD WAS SET OR TIED.
MM INDICATES DATA IS MISSING.
T  INDICATES TRACE AMOUNT.




$$

&&
...........................................................

THE ARKANSAS RIVER AT VAN BUREN

                   OBSERVED      24 HOUR     24 HOUR
                    VALUE        CHANGE      FORECAST

 STAGE (FEET)
  THIS AFTERNOON     19.7         +0.5

MEAN FLOW (CFS)
  TODAY                                        27700
...........................................................
ALL DATA MEASURED AT THE FORT SMITH REGIONAL AIRPORT
