000
CDUS43 KUNR 260832
CLIGCC


CLIMATE REPORT
NATIONAL WEATHER SERVICE RAPID CITY SD
231 AM MDT SUN APR 26 2015


...................................

...THE GILLETTE AIRPORT WY CLIMATE SUMMARY FOR APRIL 25 2015...

CLIMATE NORMAL PERIOD 1981 TO 2010
CLIMATE RECORD PERIOD 9999 TO 9999


WEATHER ITEM   OBSERVED TIME   NORMAL DEPARTURE LAST
                VALUE   (LST)  VALUE  FROM      YEAR
                                      NORMAL
......................................................
TEMPERATURE (F)
 YESTERDAY
  MAXIMUM         58   1006 AM  59     -1       67
  MINIMUM         40   1159 PM  33      7       31
  AVERAGE         49            46      3       49

PRECIPITATION (IN)
  YESTERDAY        0.00          0.07  -0.07     0.00
  MONTH TO DATE    0.54          1.10  -0.56     0.37
  SINCE MAR 1      0.99          2.06  -1.07     1.46
  SINCE JAN 1      1.84          2.84  -1.00     2.74

DEGREE DAYS
 HEATING
  YESTERDAY       16            19     -3       16
  MONTH TO DATE  522           578    -56      534
  SINCE MAR 1   1219          1517   -298     1498
  SINCE JUL 1   6309          6925   -616     7143

 COOLING
  YESTERDAY        0             0      0        0
  MONTH TO DATE    0             0      0        0
  SINCE MAR 1      0             0      0        0
  SINCE JAN 1      0             0      0        0
......................................................


WIND (MPH)
  HIGHEST WIND SPEED    22   HIGHEST WIND DIRECTION    NW (330)
  HIGHEST GUST SPEED    27   HIGHEST GUST DIRECTION    NW (320)
  AVERAGE WIND SPEED    12.2


SKY COVER
  AVERAGE SKY COVER 0.5


WEATHER CONDITIONS
 THE FOLLOWING WEATHER WAS RECORDED YESTERDAY.
  NO SIGNIFICANT WEATHER WAS OBSERVED.


RELATIVE HUMIDITY (PERCENT)
 HIGHEST    83           100 AM
 LOWEST     55          1000 AM
 AVERAGE    69

..........................................................




SUNRISE AND SUNSET
APRIL 26 2015.........SUNRISE   601 AM MDT   SUNSET   800 PM MDT
APRIL 27 2015.........SUNRISE   559 AM MDT   SUNSET   801 PM MDT


-  INDICATES NEGATIVE NUMBERS.
R  INDICATES RECORD WAS SET OR TIED.
MM INDICATES DATA IS MISSING.
T  INDICATES TRACE AMOUNT.




$$
