000
CDUS43 KDDC 031428
CLIGCK


CLIMATE REPORT
NATIONAL WEATHER SERVICE DODGE CITY KS
928 AM CDT SUN MAY 3 2015


...................................

...THE GARDEN CITY REGIONAL ARPT KS CLIMATE SUMMARY FOR MAY 3 2015...
VALID AS OF 0800 AM LOCAL TIME.

CLIMATE NORMAL PERIOD 1981 TO 2010
CLIMATE RECORD PERIOD 1948 TO 2015


WEATHER ITEM   OBSERVED TIME   RECORD YEAR NORMAL DEPARTURE LAST
                VALUE   (LST)  VALUE       VALUE  FROM      YEAR
                                                  NORMAL
..................................................................
TEMPERATURE (F)
 TODAY
  MAXIMUM         67    759 AM  94    1996  73     -6       91
  MINIMUM         51    545 AM  26    2013  45      6       45
  AVERAGE         59                        59      0       68

PRECIPITATION (IN)
  TODAY            0.00          1.10 1981   0.07  -0.07     0.00
  MONTH TO DATE    0.00                      0.22  -0.22     0.00
  SINCE MAR 1      0.68                      3.40  -2.72     0.51
  SINCE JAN 1      1.45                      4.28  -2.83     0.67

..................................................................


WIND (MPH)
  HIGHEST WIND SPEED    15   HIGHEST WIND DIRECTION     W (290)
  HIGHEST GUST SPEED    19   HIGHEST GUST DIRECTION    NW (300)



WEATHER CONDITIONS
 THE FOLLOWING WEATHER WAS RECORDED TODAY.
  NO SIGNIFICANT WEATHER WAS OBSERVED.


RELATIVE HUMIDITY (PERCENT)
 HIGHEST    72

..........................................................


THE GARDEN CITY REGIONAL ARPT KS CLIMATE NORMALS FOR TOMORROW
                         NORMAL    RECORD    YEAR
 MAXIMUM TEMPERATURE (F)   73        97      2014
 MINIMUM TEMPERATURE (F)   46        27      2013


SUNRISE AND SUNSET
MAY  3 2015...........SUNRISE   645 AM CDT   SUNSET   835 PM CDT
MAY  4 2015...........SUNRISE   644 AM CDT   SUNSET   836 PM CDT


-  INDICATES NEGATIVE NUMBERS.
R  INDICATES RECORD WAS SET OR TIED.
MM INDICATES DATA IS MISSING.
T  INDICATES TRACE AMOUNT.




$$
