000
CDUS41 KPHI 250627
CLIGED


CLIMATE REPORT
NATIONAL WEATHER SERVICE MOUNT HOLLY NJ
226 AM EDT SAT APR 25 2015


...................................

...THE GEORGETOWN DE CLIMATE SUMMARY FOR APRIL 24 2015...

CLIMATE NORMAL PERIOD 1981 TO 2010
CLIMATE RECORD PERIOD 1948 TO 2015


WEATHER ITEM   OBSERVED TIME   RECORD YEAR NORMAL DEPARTURE LAST
                VALUE   (LST)  VALUE       VALUE  FROM      YEAR
                                                  NORMAL
..................................................................
TEMPERATURE (F)
 YESTERDAY
  MAXIMUM         56    604 PM  90    1960  67    -11       63
  MINIMUM         38   1147 PM  29    1956  46     -8       41
  AVERAGE         47                        56     -9       52

PRECIPITATION (IN)
  YESTERDAY        0.00          0.80 1981   0.11  -0.11     0.00
  MONTH TO DATE    2.70                      3.04  -0.34     1.99
  SINCE MAR 1      6.47                      7.09  -0.62     5.35
  SINCE JAN 1     13.30                     12.80   0.50    12.53

SNOWFALL (IN)
  YESTERDAY       MM            MM      MM  MM     MM       MM
  MONTH TO DATE   MM                        MM     MM       MM
  SINCE MAR 1     MM                        MM     MM       MM
  SINCE JUL 1     MM                        MM     MM       MM
  SNOW DEPTH      MM

DEGREE DAYS
 HEATING
  YESTERDAY       18                         9      9       13
  MONTH TO DATE  242                       298    -56      276
  SINCE MAR 1    995                       930     65     1016
  SINCE JUL 1   4483                      4210    273     4371

 COOLING
  YESTERDAY        0                         1     -1        0
  MONTH TO DATE    5                        14     -9       12
  SINCE MAR 1      5                        16    -11       12
  SINCE JAN 1      5                        16    -11       12
..................................................................


WIND (MPH)
  HIGHEST WIND SPEED    23   HIGHEST WIND DIRECTION     W (280)
  HIGHEST GUST SPEED    33   HIGHEST GUST DIRECTION     W (280)
  AVERAGE WIND SPEED     9.6


SKY COVER
  POSSIBLE SUNSHINE  MM
  AVERAGE SKY COVER 0.1


WEATHER CONDITIONS
 THE FOLLOWING WEATHER WAS RECORDED YESTERDAY.
  NO SIGNIFICANT WEATHER WAS OBSERVED.


RELATIVE HUMIDITY (PERCENT)
 HIGHEST    70          1100 PM
 LOWEST     22           400 PM
 AVERAGE    46

..........................................................


THE GEORGETOWN DE CLIMATE NORMALS FOR TODAY
                         NORMAL    RECORD    YEAR
 MAXIMUM TEMPERATURE (F)   67        93      2009
 MINIMUM TEMPERATURE (F)   46        27      1956


SUNRISE AND SUNSET
APRIL 25 2015.........SUNRISE   612 AM EDT   SUNSET   748 PM EDT
APRIL 26 2015.........SUNRISE   611 AM EDT   SUNSET   749 PM EDT


-  INDICATES NEGATIVE NUMBERS.
R  INDICATES RECORD WAS SET OR TIED.
MM INDICATES DATA IS MISSING.
T  INDICATES TRACE AMOUNT.




$$
