000
CDUS46 KOTX 260840
CLIGEG


CLIMATE REPORT
NATIONAL WEATHER SERVICE SPOKANE, WA
140 AM PDT SUN APR 26 2015


...................................

...THE SPOKANE WA AIRPORT CLIMATE SUMMARY FOR APRIL 25 2015...

CLIMATE NORMAL PERIOD 1981 TO 2010
CLIMATE RECORD PERIOD 1881 TO 2015


WEATHER ITEM   OBSERVED TIME   RECORD YEAR NORMAL DEPARTURE LAST
                VALUE   (LST)  VALUE       VALUE  FROM      YEAR
                                                  NORMAL
..................................................................
TEMPERATURE (F)
 YESTERDAY
  MAXIMUM         51    425 PM  89    1946  60     -9       52
  MINIMUM         35    452 AM  21    1984  38     -3       40
  AVERAGE         43                        49     -6       46

PRECIPITATION (IN)
  YESTERDAY        0.01          0.63 2011   0.03  -0.02      T
  MONTH TO DATE    0.52                      1.09  -0.57     1.02
  SINCE OCT 1     10.63                     11.60  -0.97     9.05
  SINCE JAN 1      5.90                      5.82   0.08     6.72

SNOWFALL (IN)
  YESTERDAY        0.0           T    2011   0.0    0.0      0.0
                                      2008
                                      1990
  MONTH TO DATE    1.0                       0.9    0.1      0.0
  SINCE MAR 1      1.9                       4.4   -2.5      5.8
  SINCE JUL 1     17.6                      44.7  -27.1     37.6
  SNOW DEPTH       0

DEGREE DAYS
 HEATING
  YESTERDAY       22                        16      6       19
  MONTH TO DATE  457                       464     -7      451
  SINCE MAR 1   1054                      1231   -177     1231
  SINCE JUL 1   5176                      6060   -884     6274

 COOLING
  YESTERDAY        0                         0      0        0
  MONTH TO DATE    0                         0      0        0
  SINCE MAR 1      0                         0      0        0
  SINCE JAN 1      0                         0      0        0
..................................................................


WIND (MPH)
  HIGHEST WIND SPEED    24   HIGHEST WIND DIRECTION     W (260)
  HIGHEST GUST SPEED    28   HIGHEST GUST DIRECTION     W (260)
  AVERAGE WIND SPEED     7.6


SKY COVER
  POSSIBLE SUNSHINE  MM
  AVERAGE SKY COVER 0.7


WEATHER CONDITIONS
 THE FOLLOWING WEATHER WAS RECORDED YESTERDAY.
  THUNDERSTORM
  LIGHT RAIN


RELATIVE HUMIDITY (PERCENT)
 HIGHEST    82           400 AM
 LOWEST     46          1200 PM
 AVERAGE    64

..........................................................


THE SPOKANE WA AIRPORT CLIMATE NORMALS FOR TODAY
                         NORMAL    RECORD    YEAR
 MAXIMUM TEMPERATURE (F)   60        81      1926
 MINIMUM TEMPERATURE (F)   38        27      1950


SUNRISE AND SUNSET
APRIL 26 2015.........SUNRISE   542 AM PDT   SUNSET   755 PM PDT
APRIL 27 2015.........SUNRISE   540 AM PDT   SUNSET   757 PM PDT


-  INDICATES NEGATIVE NUMBERS.
R  INDICATES RECORD WAS SET OR TIED.
MM INDICATES DATA IS MISSING.
T  INDICATES TRACE AMOUNT.




$$
