000
CDUS42 KJAX 060538
CLIGNV


CLIMATE REPORT
NATIONAL WEATHER SERVICE JACKSONVILLE FL
137 AM EDT WED MAY 6 2015


...................................

...THE GAINESVILLE CLIMATE SUMMARY FOR MAY 5 2015...

CLIMATE NORMAL PERIOD 1981 TO 2010
CLIMATE RECORD PERIOD 1890 TO 2015


WEATHER ITEM   OBSERVED TIME   RECORD YEAR NORMAL DEPARTURE LAST
                VALUE   (LST)  VALUE       VALUE  FROM      YEAR
                                                  NORMAL
..................................................................
TEMPERATURE (F)
 YESTERDAY
  MAXIMUM         81    222 PM  97    1902  85     -4       89
  MINIMUM         59   1247 AM  44    1971  59      0       61
  AVERAGE         70                        72     -2       75

PRECIPITATION (IN)
  YESTERDAY        0.15          1.31 2005   0.06   0.09     0.00
  MONTH TO DATE    0.15                      0.30  -0.15     0.81
  SINCE MAR 1      4.54                      7.30  -2.76     8.94
  SINCE JAN 1      9.80                     13.81  -4.01    18.51

SNOWFALL (IN)
  YESTERDAY        0.0           0.0    MM   0.0    0.0      0.0
  MONTH TO DATE    0.0                       0.0    0.0      0.0
  SINCE MAR 1      0.0                       0.0    0.0      0.0
  SINCE JUL 1      0.0                       0.0    0.0      0.0
  SNOW DEPTH       0

DEGREE DAYS
 HEATING
  YESTERDAY        0                         0      0        0
  MONTH TO DATE    2                         0      2        5
  SINCE MAR 1     62                       180   -118      188
  SINCE JUL 1   1213                      1214     -1     1098

 COOLING
  YESTERDAY        5                         7     -2       10
  MONTH TO DATE    7                        35    -28       27
  SINCE MAR 1    392                       210    182      193
  SINCE JAN 1    407                       242    165      230
..................................................................


WIND (MPH)
  HIGHEST WIND SPEED    20   HIGHEST WIND DIRECTION    SE (120)
  HIGHEST GUST SPEED    25   HIGHEST GUST DIRECTION    NE (60)
  AVERAGE WIND SPEED     8.7


SKY COVER
  POSSIBLE SUNSHINE  MM
  AVERAGE SKY COVER 0.6


WEATHER CONDITIONS
 THE FOLLOWING WEATHER WAS RECORDED YESTERDAY.
  HEAVY RAIN
  LIGHT RAIN
  HAZE


RELATIVE HUMIDITY (PERCENT)
 HIGHEST    93           400 AM
 LOWEST     54           400 PM
 AVERAGE    74

..........................................................


THE GAINESVILLE CLIMATE NORMALS FOR TODAY
                         NORMAL    RECORD    YEAR
 MAXIMUM TEMPERATURE (F)   85        96      1955
                                             1927
 MINIMUM TEMPERATURE (F)   60        48      1970
                                             1945


SUNRISE AND SUNSET
MAY  6 2015...........SUNRISE   643 AM EDT   SUNSET   809 PM EDT
MAY  7 2015...........SUNRISE   642 AM EDT   SUNSET   810 PM EDT


-  INDICATES NEGATIVE NUMBERS.
R  INDICATES RECORD WAS SET OR TIED.
MM INDICATES DATA IS MISSING.
T  INDICATES TRACE AMOUNT.




$$
