000
CDUS45 KTFX 040754
CLIGTF


CLIMATE REPORT
NATIONAL WEATHER SERVICE GREAT FALLS MT
153 AM MDT MON MAY 4 2015


...................................

...THE GREAT FALLS MT CLIMATE SUMMARY FOR MAY 3 2015...

CLIMATE NORMAL PERIOD 1981 TO 2010
CLIMATE RECORD PERIOD 1886 TO 2015


WEATHER ITEM   OBSERVED TIME   RECORD YEAR NORMAL DEPARTURE LAST
                VALUE   (LST)  VALUE       VALUE  FROM      YEAR
                                                  NORMAL
..................................................................
TEMPERATURE (F)
 YESTERDAY
  MAXIMUM         65    445 PM  86    1918  61      4       42
                                      1897
  MINIMUM         30    517 AM  19    1967  35     -5       34
  AVERAGE         48                        48      0       38

PRECIPITATION (IN)
  YESTERDAY        0.00          1.11 1964   0.05  -0.05     0.06
  MONTH TO DATE    0.00                      0.16  -0.16     0.06
  SINCE OCT 1      5.33                      5.47  -0.14     7.60
  SINCE JAN 1      2.38                      3.47  -1.09     5.55

SNOWFALL (IN)
  YESTERDAY        0.0           3.3  1991   0.1   -0.1       T
  MONTH TO DATE    0.0                       0.4   -0.4       T
  SINCE MAR 1      1.6                      20.9  -19.3     15.2
  SINCE JUL 1     57.9                      60.9   -3.0     72.7
  SNOW DEPTH       0

DEGREE DAYS
 HEATING
  YESTERDAY       17                        17      0       27
  MONTH TO DATE   33                        52    -19       50
  SINCE MAR 1   1306                      1664   -358     1780
  SINCE JUL 1   6444                      7169   -725     7434

 COOLING
  YESTERDAY        0                         0      0        0
  MONTH TO DATE    0                         0      0        0
  SINCE MAR 1      0                         1     -1        0
  SINCE JAN 1      0                         1     -1        0
..................................................................


WIND (MPH)
  HIGHEST WIND SPEED    16   HIGHEST WIND DIRECTION    NE (60)
  HIGHEST GUST SPEED    20   HIGHEST GUST DIRECTION    NE (50)
  AVERAGE WIND SPEED     6.3


SKY COVER
  AVERAGE SKY COVER 0.1


WEATHER CONDITIONS
 THE FOLLOWING WEATHER WAS RECORDED YESTERDAY.
  NO SIGNIFICANT WEATHER WAS OBSERVED.


RELATIVE HUMIDITY (PERCENT)
 HIGHEST    75           600 AM
 LOWEST     19           500 PM
 AVERAGE    47

..........................................................


THE GREAT FALLS MT CLIMATE NORMALS FOR TODAY
                         NORMAL    RECORD    YEAR
 MAXIMUM TEMPERATURE (F)   62        87      1936
                                             1897
 MINIMUM TEMPERATURE (F)   35        23      1996


SUNRISE AND SUNSET
MAY  4 2015...........SUNRISE   604 AM MDT   SUNSET   841 PM MDT
MAY  5 2015...........SUNRISE   603 AM MDT   SUNSET   843 PM MDT


-  INDICATES NEGATIVE NUMBERS.
R  INDICATES RECORD WAS SET OR TIED.
MM INDICATES DATA IS MISSING.
T  INDICATES TRACE AMOUNT.




$$
