000
CDUS41 KGYX 030806
CLIGYX


CLIMATE REPORT
NATIONAL WEATHER SERVICE GRAY ME
406 AM EDT SUN MAY 3 2015


...................................

...THE GRAY ME CLIMATE SUMMARY FOR MAY 2 2015...

CLIMATE NORMAL PERIOD 1981 TO 2010
CLIMATE RECORD PERIOD 1995 TO 2015


WEATHER ITEM   OBSERVED TIME   RECORD YEAR NORMAL DEPARTURE LAST
                VALUE   (LST)  VALUE       VALUE  FROM      YEAR
                                                  NORMAL
..................................................................
TEMPERATURE (F)
 YESTERDAY
  MAXIMUM         58        MM  MM      MM  61     -3       66
  MINIMUM         35        MM  MM      MM  41     -6       45
  AVERAGE         47                        51     -4       56

PRECIPITATION (IN)
  YESTERDAY        0.00         MM      MM   0.12  -0.12      T
  MONTH TO DATE    0.00                      0.25  -0.25     0.78
  SINCE MAR 1      5.01                      8.80  -3.79     7.67
  SINCE JAN 1     10.98                     15.64  -4.66    14.66

SNOWFALL (IN)
  YESTERDAY        0.0          MM      MM   0.0    0.0      0.0
  MONTH TO DATE    0.0                       0.0    0.0      0.0
  SINCE MAR 1      8.2                      24.7  -16.5      8.9
  SINCE JUL 1    107.3                      83.8   23.5     83.0
  SNOW DEPTH       0

DEGREE DAYS
 HEATING
  YESTERDAY       18                        14      4        9
  MONTH TO DATE   36                        29      7       28
  SINCE MAR 1   1814                      1646    168     1920
  SINCE JUL 1   7290                      6804    486     7330

 COOLING
  YESTERDAY        0                         0      0        0
  MONTH TO DATE    0                         0      0        0
  SINCE MAR 1      0                         1     -1        0
  SINCE JAN 1      0                         1     -1        0
..................................................................







THE GRAY ME CLIMATE NORMALS FOR TODAY
                         NORMAL
 MAXIMUM TEMPERATURE (F)   61
 MINIMUM TEMPERATURE (F)   41


SUNRISE AND SUNSET
MAY  3 2015...........SUNRISE   531 AM EDT   SUNSET   746 PM EDT
MAY  4 2015...........SUNRISE   529 AM EDT   SUNSET   747 PM EDT


-  INDICATES NEGATIVE NUMBERS.
R  INDICATES RECORD WAS SET OR TIED.
MM INDICATES DATA IS MISSING.
T  INDICATES TRACE AMOUNT.




$$
