000
CDUS46 KHNX 200021
CLIHJO


CLIMATE REPORT
NATIONAL WEATHER SERVICE SAN JOAQUIN VALLEY, CA
520 PM PDT SUN APR 19 2015


...................................

...THE HANFORD CA CLIMATE SUMMARY FOR APRIL 19 2015...
VALID AS OF 0500 PM LOCAL TIME.

CLIMATE NORMAL PERIOD 1981 TO 2010
CLIMATE RECORD PERIOD 1998 TO 2015


WEATHER ITEM   OBSERVED TIME   RECORD YEAR NORMAL DEPARTURE LAST
                VALUE   (LST)  VALUE       VALUE  FROM      YEAR
                                                  NORMAL
..................................................................
TEMPERATURE (F)
 TODAY
  MAXIMUM         92    359 PM  93    2009  76     16       85
  MINIMUM         52    440 AM  34    2004  47      5       53
  AVERAGE         72                        61     11       69

PRECIPITATION (IN)
  TODAY            0.00          0.02 2001   0.03  -0.03     0.00
  MONTH TO DATE    0.70                      0.49   0.21      T
  SINCE OCT 1      4.75                      9.02  -4.27     2.61
  SINCE JAN 1      1.63                      5.89  -4.26     2.23

SNOWFALL (IN)
  TODAY            0.0
  MONTH TO DATE    0.0
  SINCE MAR 1      0.0
  SINCE JUL 1      0.0
  SNOW DEPTH       0

DEGREE DAYS
 HEATING
  TODAY            0                                         0
  MONTH TO DATE   55                                        61
  SINCE MAR 1    145                                       236
  SINCE JUL 1   1687                                      2013

 COOLING
  TODAY            7                                         4
  MONTH TO DATE   27                                        60
  SINCE MAR 1     85                                        60
  SINCE JAN 1     85                                        60
..................................................................


WIND (MPH)
  HIGHEST WIND SPEED    13   HIGHEST WIND DIRECTION     N (340)
  HIGHEST GUST SPEED    17   HIGHEST GUST DIRECTION    NW (330)
  AVERAGE WIND SPEED     4.1




RELATIVE HUMIDITY (PERCENT)
 HIGHEST    72
 LOWEST     13
 AVERAGE    43

..........................................................


THE HANFORD CA CLIMATE NORMALS FOR TOMORROW
                         NORMAL    RECORD    YEAR
 MAXIMUM TEMPERATURE (F)   76        97      2009
 MINIMUM TEMPERATURE (F)   47        38      2007


SUNRISE AND SUNSET
APRIL 19 2015.........SUNRISE   620 AM PDT   SUNSET   736 PM PDT
APRIL 20 2015.........SUNRISE   619 AM PDT   SUNSET   737 PM PDT


-  INDICATES NEGATIVE NUMBERS.
R  INDICATES RECORD WAS SET OR TIED.
MM INDICATES DATA IS MISSING.
T  INDICATES TRACE AMOUNT.




$$
