000
CDHW40 PHFO 040309
CLIHNL


CLIMATE REPORT
NATIONAL WEATHER SERVICE HONOLULU HI
459 PM HST SUN MAY 3 2015


...................................

...THE HONOLULU HI CLIMATE SUMMARY FOR MAY 3 2015...
VALID TODAY AS OF 0400 PM LOCAL TIME.

CLIMATE NORMAL PERIOD 1981 TO 2010
CLIMATE RECORD PERIOD 1946 TO 2015


WEATHER ITEM   OBSERVED TIME   RECORD YEAR NORMAL DEPARTURE LAST
                VALUE   (LST)  VALUE       VALUE  FROM      YEAR
                                                  NORMAL
..................................................................
TEMPERATURE (F)
 TODAY
  MAXIMUM         83    226 PM  87    2004  84     -1       83
                                      2003
                                      1995
  MINIMUM         69    621 AM  60    1989  70     -1       70
  AVERAGE         76                        77     -1       77

PRECIPITATION (IN)
  TODAY            T             0.33 1988   0.02  -0.02     0.00
  MONTH TO DATE    T                         0.07  -0.07      T
  SINCE MAR 1      0.99                      2.72  -1.73     2.94
  SINCE JAN 1      2.79                      7.02  -4.23     6.62

SNOWFALL (IN)
  TODAY            0.0
  MONTH TO DATE    0.0
  SINCE MAR 1      0.0
  SINCE JUL 1      0.0
  SNOW DEPTH       0

DEGREE DAYS
 HEATING
  TODAY            0                         0      0        0
  MONTH TO DATE    0                         0      0        0
  SINCE MAR 1      0                         0      0        0
  SINCE JUL 1      0                         0      0        0

 COOLING
  TODAY           11                        12     -1       12
  MONTH TO DATE   28                        36     -8       36
  SINCE MAR 1    644                       661    -17      711
  SINCE JAN 1   1154                      1143     11     1230
..................................................................


WIND (MPH)
  HIGHEST WIND SPEED    23   HIGHEST WIND DIRECTION     E (80)
  HIGHEST GUST SPEED    29   HIGHEST GUST DIRECTION     E (80)
  AVERAGE WIND SPEED    12.7


SKY COVER
  POSSIBLE SUNSHINE  MM
  AVERAGE SKY COVER 0.4


WEATHER CONDITIONS
 THE FOLLOWING WEATHER WAS RECORDED TODAY.
  LIGHT RAIN


RELATIVE HUMIDITY (PERCENT)
 HIGHEST    84           200 AM
 LOWEST     43           100 PM
 AVERAGE    64

..........................................................


THE HONOLULU HI CLIMATE NORMALS FOR TOMORROW
                         NORMAL    RECORD    YEAR
 MAXIMUM TEMPERATURE (F)   84        88      2005
                                             1995
                                             1979
 MINIMUM TEMPERATURE (F)   70        64      1981


SUNRISE AND SUNSET
MAY  3 2015...........SUNRISE   600 AM HST   SUNSET   658 PM HST
MAY  4 2015...........SUNRISE   559 AM HST   SUNSET   658 PM HST


-  INDICATES NEGATIVE NUMBERS.
R  INDICATES RECORD WAS SET OR TIED.
MM INDICATES DATA IS MISSING.
T  INDICATES TRACE AMOUNT.




$$
