000
CDUS43 KGID 270729
CLIHSI


CLIMATE REPORT
NATIONAL WEATHER SERVICE HASTINGS NE
228 AM CDT MON APR 27 2015


...................................

...THE HASTINGS NE CLIMATE SUMMARY FOR APRIL 26 2015...

CLIMATE NORMAL PERIOD 1981 TO 2010
CLIMATE RECORD PERIOD 1894 TO 2015


WEATHER ITEM   OBSERVED TIME   RECORD YEAR NORMAL DEPARTURE LAST
                VALUE   (LST)  VALUE       VALUE  FROM      YEAR
                                                  NORMAL
..................................................................
TEMPERATURE (F)
 YESTERDAY
  MAXIMUM         58    523 PM  92    1981  66     -8       82
  MINIMUM         43   1159 PM  25    1950  42      1       52
  AVERAGE         51                        54     -3       67

PRECIPITATION (IN)
  YESTERDAY        0.00          1.05 1920   0.10  -0.10     0.00
  MONTH TO DATE    3.55                      2.04   1.51     3.56
  SINCE MAR 1      3.75                      3.83  -0.08     3.71
  SINCE JAN 1      4.86                      4.73   0.13     4.42

SNOWFALL (IN)
  YESTERDAY        0.0          MM      MM   0.0    0.0      0.0
  MONTH TO DATE    T                         1.2   -1.2      2.2
  SINCE MAR 1      0.8                       6.4   -5.6      3.4
  SINCE JUL 1     17.0                      28.8  -11.8     21.7
  SNOW DEPTH       0

DEGREE DAYS
 HEATING
  YESTERDAY       14                        11      3        0
  MONTH TO DATE  320                       392    -72      335
  SINCE MAR 1    954                      1169   -215     1194
  SINCE JUL 1   5577                      5799   -222     6074

 COOLING
  YESTERDAY        0                         0      0        2
  MONTH TO DATE    4                         0      4        8
  SINCE MAR 1      4                         0      4        8
  SINCE JAN 1      4                         0      4        8
..................................................................


WIND (MPH)
  HIGHEST WIND SPEED    22   HIGHEST WIND DIRECTION     E (70)
  HIGHEST GUST SPEED    27   HIGHEST GUST DIRECTION     E (80)
  AVERAGE WIND SPEED    11.1


SKY COVER
  AVERAGE SKY COVER 0.8


WEATHER CONDITIONS
 THE FOLLOWING WEATHER WAS RECORDED YESTERDAY.
  FOG


RELATIVE HUMIDITY (PERCENT)
 HIGHEST    93          1200 AM
 LOWEST     57           500 PM
 AVERAGE    75

..........................................................


THE HASTINGS NE CLIMATE NORMALS FOR TODAY
                         NORMAL    RECORD    YEAR
 MAXIMUM TEMPERATURE (F)   66        95      1989
 MINIMUM TEMPERATURE (F)   43        25      1950


SUNRISE AND SUNSET
APRIL 27 2015.........SUNRISE   638 AM CDT   SUNSET   825 PM CDT
APRIL 28 2015.........SUNRISE   637 AM CDT   SUNSET   826 PM CDT


-  INDICATES NEGATIVE NUMBERS.
R  INDICATES RECORD WAS SET OR TIED.
MM INDICATES DATA IS MISSING.
T  INDICATES TRACE AMOUNT.




$$
