000
CDUS41 KRLX 060719
CLIHTS


CLIMATE REPORT
NATIONAL WEATHER SERVICE CHARLESTON WV
317 AM EDT WED MAY 6 2015


...................................

...THE HUNTINGTON WV CLIMATE SUMMARY FOR MAY 5 2015...

CLIMATE NORMAL PERIOD 1981 TO 2010
CLIMATE RECORD PERIOD 1897 TO 2015


WEATHER ITEM   OBSERVED TIME   RECORD YEAR NORMAL DEPARTURE LAST
                VALUE   (LST)  VALUE       VALUE  FROM      YEAR
                                                  NORMAL
..................................................................
TEMPERATURE (F)
 YESTERDAY
  MAXIMUM         83    443 PM  94    1950  73     10       70
                                      1949
  MINIMUM         57    622 AM  32    2011  50      7       48
  AVERAGE         70                        61      9       59

PRECIPITATION (IN)
  YESTERDAY        0.00          1.37 2003   0.15  -0.15     0.00
  MONTH TO DATE    0.00                      0.71  -0.71      T
  SINCE JAN 1     19.34                     14.09   5.25    16.98

SNOWFALL (IN)
  YESTERDAY        0.0
  MONTH TO DATE    0.0
  SINCE SEP 1     36.6
  SNOW DEPTH       0

DEGREE DAYS
 HEATING
  YESTERDAY        0                         5     -5        6
  MONTH TO DATE   20                        27     -7       37
  SINCE MAR 1    922                       914      8      987
  SINCE JUL 1   4938                      4415    523     4748

 COOLING
  YESTERDAY        5                         1      4        0
  MONTH TO DATE    5                         5      0        0
  SINCE MAR 1     14                        37    -23       14
  SINCE JAN 1     14                        37    -23       14
..................................................................


WIND (MPH)
  HIGHEST WIND SPEED    10   HIGHEST WIND DIRECTION     W (270)
  HIGHEST GUST SPEED    14   HIGHEST GUST DIRECTION     W (260)
  AVERAGE WIND SPEED     2.3


SKY COVER
  POSSIBLE SUNSHINE  MM


WEATHER CONDITIONS
 THE FOLLOWING WEATHER WAS RECORDED YESTERDAY.
  NO SIGNIFICANT WEATHER WAS OBSERVED.


RELATIVE HUMIDITY (PERCENT)
 HIGHEST    80           500 AM
 LOWEST     34           500 PM
 AVERAGE    57

..........................................................


THE HUNTINGTON WV CLIMATE NORMALS FOR TODAY
                         NORMAL    RECORD    YEAR
 MAXIMUM TEMPERATURE (F)   73        94      1949
 MINIMUM TEMPERATURE (F)   50        32      1968
                                             1898


SUNRISE AND SUNSET
MAY  6 2015...........SUNRISE   628 AM EDT   SUNSET   826 PM EDT
MAY  7 2015...........SUNRISE   627 AM EDT   SUNSET   827 PM EDT


-  INDICATES NEGATIVE NUMBERS.
R  INDICATES RECORD WAS SET OR TIED.
MM INDICATES DATA IS MISSING.
T  INDICATES TRACE AMOUNT.




$$
