000
CDUS45 KTFX 040754
CLIHVR


CLIMATE REPORT
NATIONAL WEATHER SERVICE GREAT FALLS MT
153 AM MDT MON MAY 4 2015


...................................

...THE HAVRE MT CLIMATE SUMMARY FOR MAY 3 2015...

CLIMATE NORMAL PERIOD 1981 TO 2010
CLIMATE RECORD PERIOD 1880 TO 2015


WEATHER ITEM   OBSERVED TIME   RECORD YEAR NORMAL DEPARTURE LAST
                VALUE   (LST)  VALUE       VALUE  FROM      YEAR
                                                  NORMAL
..................................................................
TEMPERATURE (F)
 YESTERDAY
  MAXIMUM         64    441 PM  90    1998  64      0       45
  MINIMUM         31    448 AM  15    1899  36     -5       36
  AVERAGE         48                        50     -2       41

PRECIPITATION (IN)
  YESTERDAY        0.00          0.88 1901   0.05  -0.05     0.03
  MONTH TO DATE    0.00                      0.13  -0.13     0.25
  SINCE OCT 1      4.06                      3.53   0.53     4.98
  SINCE JAN 1      2.49                      2.12   0.37     2.97

SNOWFALL (IN)
  YESTERDAY        0.0           1.2  1899   0.1   -0.1      0.0
  MONTH TO DATE    0.0                       0.2   -0.2      0.0
  SINCE MAR 1      0.2                       9.5   -9.3      7.0
  SINCE JUL 1     20.8                      37.4  -16.6     44.4
  SNOW DEPTH       0

DEGREE DAYS
 HEATING
  YESTERDAY       17                        15      2       24
  MONTH TO DATE   39                        47     -8       51
  SINCE MAR 1   1379                      1664   -285     1823
  SINCE JUL 1   7047                      7784   -737     8064

 COOLING
  YESTERDAY        0                         0      0        0
  MONTH TO DATE    0                         0      0        0
  SINCE MAR 1      0                         1     -1        0
  SINCE JAN 1      0                         1     -1        0
..................................................................


WIND (MPH)
  HIGHEST WIND SPEED    17   HIGHEST WIND DIRECTION     E (90)
  HIGHEST GUST SPEED    21   HIGHEST GUST DIRECTION     E (100)
  AVERAGE WIND SPEED     8.3


SKY COVER
  AVERAGE SKY COVER 0.4


WEATHER CONDITIONS
 THE FOLLOWING WEATHER WAS RECORDED YESTERDAY.
  NO SIGNIFICANT WEATHER WAS OBSERVED.


RELATIVE HUMIDITY (PERCENT)
 HIGHEST    72           500 AM
 LOWEST     23           300 PM
 AVERAGE    48

..........................................................


THE HAVRE MT CLIMATE NORMALS FOR TODAY
                         NORMAL    RECORD    YEAR
 MAXIMUM TEMPERATURE (F)   64        89      1936
 MINIMUM TEMPERATURE (F)   36        17      1899


SUNRISE AND SUNSET
MAY  4 2015...........SUNRISE   555 AM MDT   SUNSET   838 PM MDT
MAY  5 2015...........SUNRISE   553 AM MDT   SUNSET   839 PM MDT


-  INDICATES NEGATIVE NUMBERS.
R  INDICATES RECORD WAS SET OR TIED.
MM INDICATES DATA IS MISSING.
T  INDICATES TRACE AMOUNT.




$$
