000
CDUS41 KPHI 060630
CLIILG


CLIMATE REPORT
NATIONAL WEATHER SERVICE MOUNT HOLLY NJ
230 AM EDT WED MAY 6 2015


...................................

...THE WILMINGTON DE CLIMATE SUMMARY FOR MAY 5 2015...

CLIMATE NORMAL PERIOD 1981 TO 2010
CLIMATE RECORD PERIOD 1894 TO 2015


WEATHER ITEM   OBSERVED TIME   RECORD YEAR NORMAL DEPARTURE LAST
                VALUE   (LST)  VALUE       VALUE  FROM      YEAR
                                                  NORMAL
..................................................................
TEMPERATURE (F)
 YESTERDAY
  MAXIMUM         83    146 PM  88    1955  70     13       68
  MINIMUM         60    533 AM  35    1920  49     11       46
  AVERAGE         72                        59     13       57

PRECIPITATION (IN)
  YESTERDAY        0.01          1.57 1948   0.13  -0.12     0.00
  MONTH TO DATE    0.01                      0.58  -0.57     0.38
  SINCE MAR 1      9.69                      8.00   1.69    11.04
  SINCE JAN 1     16.30                     13.69   2.61    19.62

SNOWFALL (IN)
  YESTERDAY        0.0           0.0  1894   0.0    0.0      0.0
  MONTH TO DATE    0.0                       0.0    0.0      0.0
  SINCE MAR 1      8.6                       2.2    6.4      7.7
  SINCE JUL 1     23.4                      20.2    3.2     56.1
  SNOW DEPTH       0

DEGREE DAYS
 HEATING
  YESTERDAY        0                         6     -6        8
  MONTH TO DATE   17                        34    -17       26
  SINCE MAR 1   1179                      1080     99     1220
  SINCE JUL 1   5018                      4703    315     5075

 COOLING
  YESTERDAY        7                         1      6        0
  MONTH TO DATE   11                         5      6        3
  SINCE MAR 1     15                        17     -2       10
  SINCE JAN 1     15                        17     -2       10
..................................................................


WIND (MPH)
  HIGHEST WIND SPEED    15   HIGHEST WIND DIRECTION     W (260)
  HIGHEST GUST SPEED    19   HIGHEST GUST DIRECTION     W (250)
  AVERAGE WIND SPEED     6.4


SKY COVER
  POSSIBLE SUNSHINE  MM
  AVERAGE SKY COVER 0.4


WEATHER CONDITIONS
 THE FOLLOWING WEATHER WAS RECORDED YESTERDAY.
  LIGHT RAIN


RELATIVE HUMIDITY (PERCENT)
 HIGHEST    72           400 AM
 LOWEST     45           600 PM
 AVERAGE    59

..........................................................


THE WILMINGTON DE CLIMATE NORMALS FOR TODAY
                         NORMAL    RECORD    YEAR
 MAXIMUM TEMPERATURE (F)   70        89      1986
                                             1949
 MINIMUM TEMPERATURE (F)   49        37      1917


SUNRISE AND SUNSET
MAY  6 2015...........SUNRISE   557 AM EDT   SUNSET   801 PM EDT
MAY  7 2015...........SUNRISE   556 AM EDT   SUNSET   802 PM EDT


-  INDICATES NEGATIVE NUMBERS.
R  INDICATES RECORD WAS SET OR TIED.
MM INDICATES DATA IS MISSING.
T  INDICATES TRACE AMOUNT.




$$
