000
CDUS42 KILM 272041
CLIILM


CLIMATE REPORT
NATIONAL WEATHER SERVICE WILMINGTON NC
440 PM EDT MON APR 27 2015


...................................

...THE WILMINGTON NC CLIMATE SUMMARY FOR APRIL 27 2015...
VALID TODAY AS OF 0400 PM LOCAL TIME.

CLIMATE NORMAL PERIOD 1981 TO 2010
CLIMATE RECORD PERIOD 1871 TO 2015


WEATHER ITEM   OBSERVED TIME   RECORD YEAR NORMAL DEPARTURE LAST
                VALUE   (LST)  VALUE       VALUE  FROM      YEAR
                                                  NORMAL
..................................................................
TEMPERATURE (F)
 TODAY
  MAXIMUM         72    259 PM  94    1990  77     -5       88
  MINIMUM         48    556 AM  39    2001  55     -7       59
                                      1972
  AVERAGE         60                        66     -6       74

PRECIPITATION (IN)
  TODAY            0.02          1.53 1973   0.10  -0.08     0.00
  MONTH TO DATE    1.83                      2.54  -0.71     4.44
  SINCE MAR 1      5.26                      6.75  -1.49    10.83
  SINCE JAN 1     14.58                     14.13   0.45    16.29

SNOWFALL (IN)
  TODAY           MM            MM      MM   0.0   MM        0.0
  MONTH TO DATE    0.0                       0.0    0.0      0.0
  SINCE MAR 1      0.0                       0.2   -0.2      0.0
  SINCE JUL 1      0.3                       1.7   -1.4      1.0
  SNOW DEPTH       0

DEGREE DAYS
 HEATING
  TODAY            5                         3      2        0
  MONTH TO DATE   73                       125    -52       85
  SINCE MAR 1    386                       448    -62      498
  SINCE JUL 1   2569                      2377    192     2432

 COOLING
  TODAY            0                         3     -3        9
  MONTH TO DATE   63                        56      7       78
  SINCE MAR 1     83                        72     11       80
  SINCE JAN 1     89                        77     12       85
..................................................................


WIND (MPH)
  HIGHEST WIND SPEED    17   HIGHEST WIND DIRECTION     N (10)
  HIGHEST GUST SPEED    21   HIGHEST GUST DIRECTION    NW (320)
  AVERAGE WIND SPEED     7.7


SKY COVER
  POSSIBLE SUNSHINE  MM
  AVERAGE SKY COVER 0.4


WEATHER CONDITIONS
 THE FOLLOWING WEATHER WAS RECORDED TODAY.
  LIGHT RAIN
  FOG


RELATIVE HUMIDITY (PERCENT)
 HIGHEST   100           500 AM
 LOWEST     31           200 PM
 AVERAGE    66

..........................................................


THE WILMINGTON NC CLIMATE NORMALS FOR TOMORROW
                         NORMAL    RECORD    YEAR
 MAXIMUM TEMPERATURE (F)   77        90      1981
 MINIMUM TEMPERATURE (F)   55        40      1993
                                             1898


SUNRISE AND SUNSET
APRIL 27 2015.........SUNRISE   627 AM EDT   SUNSET   753 PM EDT
APRIL 28 2015.........SUNRISE   626 AM EDT   SUNSET   753 PM EDT


-  INDICATES NEGATIVE NUMBERS.
R  INDICATES RECORD WAS SET OR TIED.
MM INDICATES DATA IS MISSING.
T  INDICATES TRACE AMOUNT.




$$
